{"id":962,"date":"2022-05-21T19:00:12","date_gmt":"2022-05-21T19:00:12","guid":{"rendered":"https:\/\/www.ediciones-valnera.com\/?post_type=product&#038;p=962"},"modified":"2025-11-06T11:29:12","modified_gmt":"2025-11-06T11:29:12","slug":"conversaciones-de-grupo-con-latin-al-fondo","status":"publish","type":"product","link":"https:\/\/www.ediciones-valnera.com\/?product=conversaciones-de-grupo-con-latin-al-fondo","title":{"rendered":"Conversaciones de grupo con lat\u00edn al fondo"},"content":{"rendered":"<p>En unos tiempos en que una buena parte de la poblaci\u00f3n, alegre y despreocupada, \u00abdesprecia cuanto ignora\u00bb, como cantaba Antonio Machado a orillas del Duero, estas Conversaciones de grupo bien podr\u00edan ser un retrato \u2014un tanto ut\u00f3pico, pero no imposible\u2014 de una sociedad menos desencantada y superficial que la que nos ha tocado vivir.<\/p>\n","protected":false},"excerpt":{"rendered":"<p>En un poema de <em>La cifra<\/em> (1981), que lleva por t\u00edtulo \u201cLa fama\u201d, Borges suger\u00eda que de entre el conjunto de cosas, no raras, que le depar\u00f3 una fama que no acababa de comprender, se hallaba la de \u00abprofesar el amor del alem\u00e1n y la nostalgia del lat\u00edn\u00bb. Cabe sospechar que de la nostalgia del lat\u00edn surgieron estas Conversaciones.<\/p>\n<p>Oyendo el sonido de las divinas palabras que a\u00fan no comprend\u00eda, un ni\u00f1o de ocho a\u00f1os se aficion\u00f3 a una memorable frase de T\u00e1cito, y poco despu\u00e9s lo acompa\u00f1\u00f3 su hermana de trece en la aventura, hasta que el d\u00fao se convirti\u00f3 en un tr\u00edo con la incorporaci\u00f3n de su prima, que ya andaba por la universidad y demostr\u00f3 que la medicina no est\u00e1 re\u00f1ida con el lat\u00edn. Se origin\u00f3 una correspondencia, v\u00eda correo electr\u00f3nico, que, si sus protagonistas fueran de ficci\u00f3n, podr\u00eda considerarse una novela epistolar, sat\u00edrica a veces, humor\u00edstica por momentos, delicada y emotiva casi siempre.<\/p>\n","protected":false},"featured_media":963,"comment_status":"closed","ping_status":"closed","template":"","meta":[],"product_brand":[],"product_cat":[86],"product_tag":[35],"class_list":{"0":"post-962","1":"product","2":"type-product","3":"status-publish","4":"has-post-thumbnail","6":"product_cat-valnera-literaria","7":"product_tag-emilio-pascual","9":"first","10":"instock","11":"shipping-taxable","12":"product-type-external"},"_links":{"self":[{"href":"https:\/\/www.ediciones-valnera.com\/index.php?rest_route=\/wp\/v2\/product\/962","targetHints":{"allow":["GET"]}}],"collection":[{"href":"https:\/\/www.ediciones-valnera.com\/index.php?rest_route=\/wp\/v2\/product"}],"about":[{"href":"https:\/\/www.ediciones-valnera.com\/index.php?rest_route=\/wp\/v2\/types\/product"}],"replies":[{"embeddable":true,"href":"https:\/\/www.ediciones-valnera.com\/index.php?rest_route=%2Fwp%2Fv2%2Fcomments&post=962"}],"wp:featuredmedia":[{"embeddable":true,"href":"https:\/\/www.ediciones-valnera.com\/index.php?rest_route=\/wp\/v2\/media\/963"}],"wp:attachment":[{"href":"https:\/\/www.ediciones-valnera.com\/index.php?rest_route=%2Fwp%2Fv2%2Fmedia&parent=962"}],"wp:term":[{"taxonomy":"product_brand","embeddable":true,"href":"https:\/\/www.ediciones-valnera.com\/index.php?rest_route=%2Fwp%2Fv2%2Fproduct_brand&post=962"},{"taxonomy":"product_cat","embeddable":true,"href":"https:\/\/www.ediciones-valnera.com\/index.php?rest_route=%2Fwp%2Fv2%2Fproduct_cat&post=962"},{"taxonomy":"product_tag","embeddable":true,"href":"https:\/\/www.ediciones-valnera.com\/index.php?rest_route=%2Fwp%2Fv2%2Fproduct_tag&post=962"}],"curies":[{"name":"wp","href":"https:\/\/api.w.org\/{rel}","templated":true}]}}