{"id":92,"date":"2022-01-03T00:13:44","date_gmt":"2022-01-02T23:13:44","guid":{"rendered":"http:\/\/127.0.0.1:10080\/wordpress\/?post_type=product&#038;p=92"},"modified":"2022-02-01T23:51:23","modified_gmt":"2022-02-01T23:51:23","slug":"memorias-con-arte-iv-de-jose-maria-perez-peridis","status":"publish","type":"product","link":"https:\/\/www.ediciones-valnera.com\/?product=memorias-con-arte-iv-de-jose-maria-perez-peridis","title":{"rendered":"Memorias con Arte IV &#8211; De Jos\u00e9 Mar\u00eda P\u00e9rez, \u00abPeridis\u00bb"},"content":{"rendered":"<h3>El cabo caricaturas<\/h3>\n<p>Recoge la biograf\u00eda de un hombre inquieto que ha abordado a lo largo de su trayectoria m\u00faltiples actividades: restaur\u00f3 el monasterio de Santa Mar\u00eda la Real de Aguilar de Campoo; \u00abinvent\u00f3\u00bb y puso en marcha las Escuelas Taller; cre\u00f3 la Asociaci\u00f3n de Amigos del Monasterio, que posteriormente se convirti\u00f3 en la Fundaci\u00f3n Santa Mar\u00eda la Real; public\u00f3 la Gran Enciclopedia del Rom\u00e1nico en Castilla y Le\u00f3n, y actualmente est\u00e1 preparando la Gran Enciclopedia del Rom\u00e1nico en Espa\u00f1a; presenta y dirige una serie de televisi\u00f3n sobre este arte milenario, y desde que naci\u00f3 El Pa\u00eds no ha faltado ni un solo d\u00eda a la publicaci\u00f3n de sus vi\u00f1etas de acertada cr\u00edtica pol\u00edtica.<\/p>\n<h3>Luz Cenital<\/h3>\n<p>Compila la faceta menos conocida de su actividad, la de arquitecto. Peridis es un profesional que combina como nadie las formas cl\u00e1sicas que descubri\u00f3 en el Aguilar de su infancia con el confort de lo moderno. Un arquitecto que busca, ante todo, la habitabilidad de los edificios y que huye de las formas exuberantes.<\/p>\n<p>Con un ep\u00edlogo de JOS\u00c9 SARAMAGO.<\/p>\n","protected":false},"excerpt":{"rendered":"<p>De Jos\u00e9 Mar\u00eda P\u00e9rez, \u00abPeridis\u00bb:\u00a0<strong><em>Memorias con Arte. Peridis<\/em>.<\/strong>\u00a0Estuche de 18 x 21 cm. que contiene dos libros: El cabo caricaturas y Luz cenital.<\/p>\n","protected":false},"featured_media":706,"comment_status":"closed","ping_status":"closed","template":"","meta":[],"product_brand":[],"product_cat":[81],"product_tag":[61,74],"class_list":{"0":"post-92","1":"product","2":"type-product","3":"status-publish","4":"has-post-thumbnail","6":"product_cat-valnera","7":"product_tag-jose-maria-perez","8":"product_tag-memorias-con-arte","10":"first","11":"instock","12":"shipping-taxable","13":"product-type-external"},"_links":{"self":[{"href":"https:\/\/www.ediciones-valnera.com\/index.php?rest_route=\/wp\/v2\/product\/92","targetHints":{"allow":["GET"]}}],"collection":[{"href":"https:\/\/www.ediciones-valnera.com\/index.php?rest_route=\/wp\/v2\/product"}],"about":[{"href":"https:\/\/www.ediciones-valnera.com\/index.php?rest_route=\/wp\/v2\/types\/product"}],"replies":[{"embeddable":true,"href":"https:\/\/www.ediciones-valnera.com\/index.php?rest_route=%2Fwp%2Fv2%2Fcomments&post=92"}],"wp:featuredmedia":[{"embeddable":true,"href":"https:\/\/www.ediciones-valnera.com\/index.php?rest_route=\/wp\/v2\/media\/706"}],"wp:attachment":[{"href":"https:\/\/www.ediciones-valnera.com\/index.php?rest_route=%2Fwp%2Fv2%2Fmedia&parent=92"}],"wp:term":[{"taxonomy":"product_brand","embeddable":true,"href":"https:\/\/www.ediciones-valnera.com\/index.php?rest_route=%2Fwp%2Fv2%2Fproduct_brand&post=92"},{"taxonomy":"product_cat","embeddable":true,"href":"https:\/\/www.ediciones-valnera.com\/index.php?rest_route=%2Fwp%2Fv2%2Fproduct_cat&post=92"},{"taxonomy":"product_tag","embeddable":true,"href":"https:\/\/www.ediciones-valnera.com\/index.php?rest_route=%2Fwp%2Fv2%2Fproduct_tag&post=92"}],"curies":[{"name":"wp","href":"https:\/\/api.w.org\/{rel}","templated":true}]}}

Memorias con Arte IV &#8211; De José María Pérez, «Peridis»

<h3>El cabo caricaturas</h3>
<p>Recoge la biografía de un hombre inquieto que ha abordado a lo largo de su trayectoria múltiples actividades: restauró el monasterio de Santa María la Real de Aguilar de Campoo; «inventó» y puso en marcha las Escuelas Taller; creó la Asociación de Amigos del Monasterio, que posteriormente se convirtió en la Fundación Santa María la Real; publicó la Gran Enciclopedia del Románico en Castilla y León, y actualmente está preparando la Gran Enciclopedia del Románico en España; presenta y dirige una serie de televisión sobre este arte milenario, y desde que nació El País no ha faltado ni un solo día a la publicación de sus viñetas de acertada crítica política.</p>
<h3>Luz Cenital</h3>
<p>Compila la faceta menos conocida de su actividad, la de arquitecto. Peridis es un profesional que combina como nadie las formas clásicas que descubrió en el Aguilar de su infancia con el confort de lo moderno. Un arquitecto que busca, ante todo, la habitabilidad de los edificios y que huye de las formas exuberantes.</p>
<p>Con un epílogo de JOSÉ SARAMAGO.</p>

<p>De José María Pérez, «Peridis»: <strong><em>Memorias con Arte. Peridis</em>.</strong> Estuche de 18 x 21 cm. que contiene dos libros: El cabo caricaturas y Luz cenital.</p>
