{"id":865,"date":"2022-02-08T22:53:02","date_gmt":"2022-02-08T22:53:02","guid":{"rendered":"http:\/\/s899720110.mialojamiento.es\/?post_type=product&#038;p=865"},"modified":"2025-11-06T11:30:59","modified_gmt":"2025-11-06T11:30:59","slug":"emilia-pardo-bazan-o-el-tiempo-de-la-mujer-biografia","status":"publish","type":"product","link":"https:\/\/www.ediciones-valnera.com\/?product=emilia-pardo-bazan-o-el-tiempo-de-la-mujer-biografia","title":{"rendered":"Emilia Pardo Baz\u00e1n o el tiempo de la mujer. Biograf\u00eda"},"content":{"rendered":"","protected":false},"excerpt":{"rendered":"<p class=\"just\">El prop\u00f3sito esencial de este libro es devolver a Emilia Pardo Baz\u00e1n el control absoluto sobre su obra y persona, escuchando con atenci\u00f3n sus palabras e ideas. Le restituimos el dominio intelectual que el patriarcalismo decimon\u00f3nico le escamote\u00f3, sin ponerla en un pedestal de inalcanzable pureza, ofreciendo a la vez la imagen de una autora que asumi\u00f3 plenamente su condici\u00f3n de mujer. Este recuento biogr\u00e1fico ofrece a sus lectores la riqueza humana de un ser cuyas perfecciones, el fresco caudal de su lenguaje, e imperfecciones, una vanidad teatralmente presente en todas sus actuaciones sociales, resulta \u00fanico en nuestras letras.<\/p>\n<p class=\"just\">La obra de Emilia Pardo Baz\u00e1n, un icono del feminismo, inaugur\u00f3 el tiempo de la mujer en la cultura espa\u00f1ola moderna, una realidad hist\u00f3rica cuya verdad ha tardado cien a\u00f1os en hacerse realidad.<\/p>\n","protected":false},"featured_media":866,"comment_status":"closed","ping_status":"closed","template":"","meta":[],"product_brand":[],"product_cat":[97],"product_tag":[38,42],"class_list":{"0":"post-865","1":"product","2":"type-product","3":"status-publish","4":"has-post-thumbnail","6":"product_cat-ensayos-ilustrados","7":"product_tag-ensayos-ilustrados","8":"product_tag-german-gullon","10":"first","11":"instock","12":"shipping-taxable","13":"product-type-external"},"_links":{"self":[{"href":"https:\/\/www.ediciones-valnera.com\/index.php?rest_route=\/wp\/v2\/product\/865","targetHints":{"allow":["GET"]}}],"collection":[{"href":"https:\/\/www.ediciones-valnera.com\/index.php?rest_route=\/wp\/v2\/product"}],"about":[{"href":"https:\/\/www.ediciones-valnera.com\/index.php?rest_route=\/wp\/v2\/types\/product"}],"replies":[{"embeddable":true,"href":"https:\/\/www.ediciones-valnera.com\/index.php?rest_route=%2Fwp%2Fv2%2Fcomments&post=865"}],"wp:featuredmedia":[{"embeddable":true,"href":"https:\/\/www.ediciones-valnera.com\/index.php?rest_route=\/wp\/v2\/media\/866"}],"wp:attachment":[{"href":"https:\/\/www.ediciones-valnera.com\/index.php?rest_route=%2Fwp%2Fv2%2Fmedia&parent=865"}],"wp:term":[{"taxonomy":"product_brand","embeddable":true,"href":"https:\/\/www.ediciones-valnera.com\/index.php?rest_route=%2Fwp%2Fv2%2Fproduct_brand&post=865"},{"taxonomy":"product_cat","embeddable":true,"href":"https:\/\/www.ediciones-valnera.com\/index.php?rest_route=%2Fwp%2Fv2%2Fproduct_cat&post=865"},{"taxonomy":"product_tag","embeddable":true,"href":"https:\/\/www.ediciones-valnera.com\/index.php?rest_route=%2Fwp%2Fv2%2Fproduct_tag&post=865"}],"curies":[{"name":"wp","href":"https:\/\/api.w.org\/{rel}","templated":true}]}}