{"id":67,"date":"2022-02-02T23:10:49","date_gmt":"2022-02-02T23:10:49","guid":{"rendered":"http:\/\/127.0.0.1:10080\/wordpress\/?post_type=product&#038;p=67"},"modified":"2023-12-06T12:03:30","modified_gmt":"2023-12-06T12:03:30","slug":"mitos-de-cantabria","status":"publish","type":"product","link":"https:\/\/www.ediciones-valnera.com\/?product=mitos-de-cantabria","title":{"rendered":"Mitos de Cantabria"},"content":{"rendered":"<p class=\"just\">En este cuaderno los autores \u2013Jes\u00fas Herr\u00e1n Ceballos y Enrique V. Vegas\u2013 han seguido los estudios de Manuel Llano, Adriano Garc\u00eda Lomas, Gustavo Cotera, Jes\u00fas Garc\u00eda Preciado y Pollux Hern\u00fa\u00f1ez, entre otros, para encontrar sus huellas, llegar hasta ellos y analizar sus costumbres.<\/p>\n<p class=\"just\">Han observado sus h\u00e1bitos con mucha cautela, para no molestarlos. Y para guardarse de su ira. Porque, aunque los hay bondadosos, como las anjanas, o simplemente traviesos \u2013toda una legi\u00f3n de seres que no poseen maldad\u2013, tambi\u00e9n est\u00e1n los oj\u00e1ncanos, famosos por su crueldad y peligro.<\/p>\n<p class=\"just\">Herr\u00e1n y Vegas, encabezando un equipo de investigadores, formado por rastreadores, bi\u00f3logos, f\u00edsicos, forenses, ling\u00fcistas y mit\u00f3logos, han descrito y dibujado cerca de cuarenta mitos (la obra tiene 87 ilustraciones en blanco y negro y color) para poner en nuestras manos este cuaderno de campo que recoge cuanto han averiguado hasta el d\u00eda de hoy sobre la rica mitolog\u00eda de Cantabria.<\/p>\n<p class=\"just\">Seguro que te ser\u00e1 de mucha utilidad cuando pasees por los bosques c\u00e1ntabros.<\/p>\n","protected":false},"excerpt":{"rendered":"<p>La mayor parte de los seres mitol\u00f3gicos viven en los bosques. Cantabria todav\u00eda conserva amplias manchas verdes, zonas arboladas y h\u00famedas, casi selv\u00e1ticas, a las que solo se puede acceder siguiendo el curso de los r\u00edos. Por ah\u00ed pululan esos espec\u00edmenes.<\/p>\n","protected":false},"featured_media":714,"comment_status":"closed","ping_status":"closed","template":"","meta":[],"product_brand":[],"product_cat":[84],"product_tag":[37,54],"class_list":{"0":"post-67","1":"product","2":"type-product","3":"status-publish","4":"has-post-thumbnail","6":"product_cat-valnera-grafica","7":"product_tag-enrique-v-vegas","8":"product_tag-jesus-herran","10":"first","11":"instock","12":"shipping-taxable","13":"product-type-external"},"_links":{"self":[{"href":"https:\/\/www.ediciones-valnera.com\/index.php?rest_route=\/wp\/v2\/product\/67","targetHints":{"allow":["GET"]}}],"collection":[{"href":"https:\/\/www.ediciones-valnera.com\/index.php?rest_route=\/wp\/v2\/product"}],"about":[{"href":"https:\/\/www.ediciones-valnera.com\/index.php?rest_route=\/wp\/v2\/types\/product"}],"replies":[{"embeddable":true,"href":"https:\/\/www.ediciones-valnera.com\/index.php?rest_route=%2Fwp%2Fv2%2Fcomments&post=67"}],"wp:featuredmedia":[{"embeddable":true,"href":"https:\/\/www.ediciones-valnera.com\/index.php?rest_route=\/wp\/v2\/media\/714"}],"wp:attachment":[{"href":"https:\/\/www.ediciones-valnera.com\/index.php?rest_route=%2Fwp%2Fv2%2Fmedia&parent=67"}],"wp:term":[{"taxonomy":"product_brand","embeddable":true,"href":"https:\/\/www.ediciones-valnera.com\/index.php?rest_route=%2Fwp%2Fv2%2Fproduct_brand&post=67"},{"taxonomy":"product_cat","embeddable":true,"href":"https:\/\/www.ediciones-valnera.com\/index.php?rest_route=%2Fwp%2Fv2%2Fproduct_cat&post=67"},{"taxonomy":"product_tag","embeddable":true,"href":"https:\/\/www.ediciones-valnera.com\/index.php?rest_route=%2Fwp%2Fv2%2Fproduct_tag&post=67"}],"curies":[{"name":"wp","href":"https:\/\/api.w.org\/{rel}","templated":true}]}}