{"id":42,"date":"2003-01-02T22:40:49","date_gmt":"2003-01-02T22:40:49","guid":{"rendered":"http:\/\/127.0.0.1:10080\/wordpress\/?post_type=product&#038;p=42"},"modified":"2022-02-08T22:33:04","modified_gmt":"2022-02-08T22:33:04","slug":"moby-dick-segunda-version","status":"publish","type":"product","link":"https:\/\/www.ediciones-valnera.com\/?product=moby-dick-segunda-version","title":{"rendered":"Moby Dick (segunda versi\u00f3n)"},"content":{"rendered":"","protected":false},"excerpt":{"rendered":"<p>En abril de 2003 sali\u00f3 al mercado, patrocinada por la Autoridad Portuaria de Gij\u00f3n,\u00a0<strong>una nueva edici\u00f3n de\u00a0<em>Moby Dick<\/em><\/strong>, esta vez reducida en su tama\u00f1o \u201429 x 24 cm.\u2014, pero respetando \u00edntegramente la extensi\u00f3n de la novela \u2014476 p\u00e1ginas, con el texto a dos columnas\u2014 y la totalidad de las ilustraciones de Jos\u00e9 Ram\u00f3n S\u00e1nchez. Pese a la gran calidad material de la obra \u2014encuadernada en tela, con sobrecubierta plastificada y papel de interiores de 135 gr\/m2\u2014, y gracias al mencionado patrocinio de la Autoridad Portuaria de Gij\u00f3n, su precio de venta es de 54 euros.<\/p>\n","protected":false},"featured_media":718,"comment_status":"closed","ping_status":"closed","template":"","meta":[],"product_brand":[],"product_cat":[92,81],"product_tag":[62],"class_list":{"0":"post-42","1":"product","2":"type-product","3":"status-publish","4":"has-post-thumbnail","6":"product_cat-ano-2003-la-continuacion","7":"product_cat-valnera","8":"product_tag-jose-ramon-sanchez","10":"first","11":"instock","12":"shipping-taxable","13":"product-type-external"},"_links":{"self":[{"href":"https:\/\/www.ediciones-valnera.com\/index.php?rest_route=\/wp\/v2\/product\/42","targetHints":{"allow":["GET"]}}],"collection":[{"href":"https:\/\/www.ediciones-valnera.com\/index.php?rest_route=\/wp\/v2\/product"}],"about":[{"href":"https:\/\/www.ediciones-valnera.com\/index.php?rest_route=\/wp\/v2\/types\/product"}],"replies":[{"embeddable":true,"href":"https:\/\/www.ediciones-valnera.com\/index.php?rest_route=%2Fwp%2Fv2%2Fcomments&post=42"}],"wp:featuredmedia":[{"embeddable":true,"href":"https:\/\/www.ediciones-valnera.com\/index.php?rest_route=\/wp\/v2\/media\/718"}],"wp:attachment":[{"href":"https:\/\/www.ediciones-valnera.com\/index.php?rest_route=%2Fwp%2Fv2%2Fmedia&parent=42"}],"wp:term":[{"taxonomy":"product_brand","embeddable":true,"href":"https:\/\/www.ediciones-valnera.com\/index.php?rest_route=%2Fwp%2Fv2%2Fproduct_brand&post=42"},{"taxonomy":"product_cat","embeddable":true,"href":"https:\/\/www.ediciones-valnera.com\/index.php?rest_route=%2Fwp%2Fv2%2Fproduct_cat&post=42"},{"taxonomy":"product_tag","embeddable":true,"href":"https:\/\/www.ediciones-valnera.com\/index.php?rest_route=%2Fwp%2Fv2%2Fproduct_tag&post=42"}],"curies":[{"name":"wp","href":"https:\/\/api.w.org\/{rel}","templated":true}]}}

Moby Dick (segunda versión)

<p>En abril de 2003 salió al mercado, patrocinada por la Autoridad Portuaria de Gijón, <strong>una nueva edición de <em>Moby Dick</em></strong>, esta vez reducida en su tamaño —29 x 24 cm.—, pero respetando íntegramente la extensión de la novela —476 páginas, con el texto a dos columnas— y la totalidad de las ilustraciones de José Ramón Sánchez. Pese a la gran calidad material de la obra —encuadernada en tela, con sobrecubierta plastificada y papel de interiores de 135 gr/m2—, y gracias al mencionado patrocinio de la Autoridad Portuaria de Gijón, su precio de venta es de 54 euros.</p>
