{"id":350,"date":"2022-01-07T02:00:22","date_gmt":"2022-01-07T02:00:22","guid":{"rendered":"http:\/\/127.0.0.1:10080\/wordpress\/?post_type=product&#038;p=350"},"modified":"2022-03-18T15:14:21","modified_gmt":"2022-03-18T15:14:21","slug":"pasaporte-laredo","status":"publish","type":"product","link":"https:\/\/www.ediciones-valnera.com\/?product=pasaporte-laredo","title":{"rendered":"Pasaporte Laredo"},"content":{"rendered":"","protected":false},"excerpt":{"rendered":"<p class=\"just\">Una idea novedosa de nuestro a\u00f1orado \u00d3scar Mu\u00f1iz, con formato de pasaporte (10 x 15 cm y puntas redondeadas) para regalar a los visitantes de la localidad tur\u00edstica que se trate (en este caso, Laredo). Contiene 11 lugares imprescindibles para visitar, con textos en castellano, franc\u00e9s e ingl\u00e9s, e ilustraciones de Enrique V. Vegas.<\/p>\n<p class=\"just\">En cada ilustraci\u00f3n de los lugares elegidos falta un detalle, porque alg\u00fan trastolillo (peculiares duendes de Cantabria) lo ha hecho desaparecer. Tales detalles se encuentran en la doble p\u00e1gina central de pegatinas, que, arrancados para pegar en su lugar correspondiente, se adaptan perfectamente al monumento o paisaje dibujado.<\/p>\n<p class=\"just\">Adem\u00e1s, se a\u00f1aden p\u00e1ginas de pertenencia del pasaporte, fiestas locales, tel\u00e9fonos de polic\u00eda, guardia civil, emergencias, urgencias, centros de salud, hospital&#8230;<\/p>\n","protected":false},"featured_media":907,"comment_status":"closed","ping_status":"closed","template":"","meta":[],"product_brand":[],"product_cat":[84],"product_tag":[37,54,75],"class_list":{"0":"post-350","1":"product","2":"type-product","3":"status-publish","4":"has-post-thumbnail","6":"product_cat-valnera-grafica","7":"product_tag-enrique-v-vegas","8":"product_tag-jesus-herran","9":"product_tag-oscar-muniz","11":"first","12":"instock","13":"shipping-taxable","14":"product-type-external"},"_links":{"self":[{"href":"https:\/\/www.ediciones-valnera.com\/index.php?rest_route=\/wp\/v2\/product\/350","targetHints":{"allow":["GET"]}}],"collection":[{"href":"https:\/\/www.ediciones-valnera.com\/index.php?rest_route=\/wp\/v2\/product"}],"about":[{"href":"https:\/\/www.ediciones-valnera.com\/index.php?rest_route=\/wp\/v2\/types\/product"}],"replies":[{"embeddable":true,"href":"https:\/\/www.ediciones-valnera.com\/index.php?rest_route=%2Fwp%2Fv2%2Fcomments&post=350"}],"wp:featuredmedia":[{"embeddable":true,"href":"https:\/\/www.ediciones-valnera.com\/index.php?rest_route=\/wp\/v2\/media\/907"}],"wp:attachment":[{"href":"https:\/\/www.ediciones-valnera.com\/index.php?rest_route=%2Fwp%2Fv2%2Fmedia&parent=350"}],"wp:term":[{"taxonomy":"product_brand","embeddable":true,"href":"https:\/\/www.ediciones-valnera.com\/index.php?rest_route=%2Fwp%2Fv2%2Fproduct_brand&post=350"},{"taxonomy":"product_cat","embeddable":true,"href":"https:\/\/www.ediciones-valnera.com\/index.php?rest_route=%2Fwp%2Fv2%2Fproduct_cat&post=350"},{"taxonomy":"product_tag","embeddable":true,"href":"https:\/\/www.ediciones-valnera.com\/index.php?rest_route=%2Fwp%2Fv2%2Fproduct_tag&post=350"}],"curies":[{"name":"wp","href":"https:\/\/api.w.org\/{rel}","templated":true}]}}