{"id":329,"date":"2022-01-07T01:35:34","date_gmt":"2022-01-07T01:35:34","guid":{"rendered":"http:\/\/127.0.0.1:10080\/wordpress\/?post_type=product&#038;p=329"},"modified":"2022-02-09T22:52:29","modified_gmt":"2022-02-09T22:52:29","slug":"balance-desde-mi-retiro","status":"publish","type":"product","link":"https:\/\/www.ediciones-valnera.com\/?product=balance-desde-mi-retiro","title":{"rendered":"Balance desde mi retiro"},"content":{"rendered":"","protected":false},"excerpt":{"rendered":"<p class=\"just\">Los m\u00e1s j\u00f3venes creen que la igualdad de oportunidades siempre ha estado ah\u00ed, pero no es as\u00ed. \u00abNosotros salimos de la nada y tuvimos que luchar contra todo para conseguir apenas un poco\u00bb. Es lo que dice ahora \u00c1ngel Duque, desde la perspectiva de sus ochenta y tres a\u00f1os.<\/p>\n<p class=\"just\">Las gentes de su generaci\u00f3n no lo tuvieron f\u00e1cil, en efecto. En aquel tiempo todo era distinto. Y, adem\u00e1s, las escasas prebendas estaban tuteladas por la dictadura, nada dada a proteger a los m\u00e1s necesitados y mucho menos a los perdedores de aquella guerra fratricida. Y \u00c1ngel y su familia se encontraron en ese grupo por los azares de la vida y la coherencia de su pensamiento. Por eso luego tuvo que vencer innumerables obst\u00e1culos.<\/p>\n<p class=\"just\">De todo ello nos habla en este libro, que mezcla apuntes de su vida con los logros de sus tiempos de alcalde. Y aunque solo cite alguna situaci\u00f3n dram\u00e1tica, con dolor y rabia contenidos, al lector no le resultar\u00e1 dif\u00edcil imaginar la dureza de ciertos pasajes, como los de la muerte de familiares por odio (su t\u00edo \u00c1ngel fue ejecutado y enterrado en la fosa com\u00fan del cementerio de Ciriego), o por los indeseables resultados de las carencias alimentarias que sufrieron durante la infancia (su hermana Teresa, cuando a\u00fan no sab\u00eda andar, se acercaba a gatas al comedero de las gallinas de la vecina para alcanzar con su manita y comer picaduras de berza cocida y mezclada con harina de ma\u00edz). Tambi\u00e9n podr\u00e1 el lector cerrar los ojos y evocar a aquel joven que quer\u00eda superar todas esas adversidades, estudiando de noche, pasando fr\u00edo y calamidades, para obtener los t\u00edtulos acad\u00e9micos que le pudieran desbrozar m\u00e1s tarde los caminos de la vida, aunque debiera pagarlos con el dinero que obten\u00eda mientras trabajaba, ya desde la infancia de sus catorce a\u00f1os.<\/p>\n","protected":false},"featured_media":638,"comment_status":"closed","ping_status":"closed","template":"","meta":[],"product_brand":[],"product_cat":[95],"product_tag":[22,73],"class_list":{"0":"post-329","1":"product","2":"type-product","3":"status-publish","4":"has-post-thumbnail","6":"product_cat-memorias","7":"product_tag-angel-duque","8":"product_tag-memorias","10":"first","11":"instock","12":"shipping-taxable","13":"product-type-external"},"_links":{"self":[{"href":"https:\/\/www.ediciones-valnera.com\/index.php?rest_route=\/wp\/v2\/product\/329","targetHints":{"allow":["GET"]}}],"collection":[{"href":"https:\/\/www.ediciones-valnera.com\/index.php?rest_route=\/wp\/v2\/product"}],"about":[{"href":"https:\/\/www.ediciones-valnera.com\/index.php?rest_route=\/wp\/v2\/types\/product"}],"replies":[{"embeddable":true,"href":"https:\/\/www.ediciones-valnera.com\/index.php?rest_route=%2Fwp%2Fv2%2Fcomments&post=329"}],"wp:featuredmedia":[{"embeddable":true,"href":"https:\/\/www.ediciones-valnera.com\/index.php?rest_route=\/wp\/v2\/media\/638"}],"wp:attachment":[{"href":"https:\/\/www.ediciones-valnera.com\/index.php?rest_route=%2Fwp%2Fv2%2Fmedia&parent=329"}],"wp:term":[{"taxonomy":"product_brand","embeddable":true,"href":"https:\/\/www.ediciones-valnera.com\/index.php?rest_route=%2Fwp%2Fv2%2Fproduct_brand&post=329"},{"taxonomy":"product_cat","embeddable":true,"href":"https:\/\/www.ediciones-valnera.com\/index.php?rest_route=%2Fwp%2Fv2%2Fproduct_cat&post=329"},{"taxonomy":"product_tag","embeddable":true,"href":"https:\/\/www.ediciones-valnera.com\/index.php?rest_route=%2Fwp%2Fv2%2Fproduct_tag&post=329"}],"curies":[{"name":"wp","href":"https:\/\/api.w.org\/{rel}","templated":true}]}}