{"id":296,"date":"2022-02-08T23:08:42","date_gmt":"2022-02-08T23:08:42","guid":{"rendered":"http:\/\/127.0.0.1:10080\/wordpress\/?post_type=product&#038;p=296"},"modified":"2023-12-06T12:00:43","modified_gmt":"2023-12-06T12:00:43","slug":"personajes-de-mi-vida","status":"publish","type":"product","link":"https:\/\/www.ediciones-valnera.com\/?product=personajes-de-mi-vida","title":{"rendered":"Personajes de mi vida"},"content":{"rendered":"","protected":false},"excerpt":{"rendered":"<p class=\"just\">Angelina evoca en cuatro apartados a 18 familiares, 9 amigos, 14 escritores y 10 encuentros que, aunque casuales, son de los que dejan huella. Un libro de recuerdos nost\u00e1lgicos, de infancia recuperada mediante la evocaci\u00f3n de vivencias sencillas, meras an\u00e9cdotas en muchas ocasiones. Abuelos y padres, hermanos y nietros, amigos, estudios, puestas de largo, noviazgo, trabajo period\u00edstico, magisterio\u2026 huellas de una vida, en fin, que, unida a Santander y su mar con el agarre de una maroma, Lamelas recupera con palabras e im\u00e1genes desde la madurez, en pugna contra el olvido.<\/p>\n<p class=\"just\">\u2018Personajes de mi vida\u2019 es un repaso de presencias y de algunas ausencias que siguen vivas en la memoria \u00aby en los senderos del para\u00edso, alegrando la eternidad solemne de los bienaventurados\u00bb. Angelina, siempre con la palabra justa y la expresi\u00f3n precisa, traslada con breves pinceladas la personalidad de sus familiares o de los escritores amigos, acerc\u00e1ndolos al lector desde su mirada po\u00e9tica y comprensiva.<\/p>\n","protected":false},"featured_media":639,"comment_status":"closed","ping_status":"closed","template":"","meta":[],"product_brand":[],"product_cat":[81],"product_tag":[24,73],"class_list":{"0":"post-296","1":"product","2":"type-product","3":"status-publish","4":"has-post-thumbnail","6":"product_cat-valnera","7":"product_tag-angelina-lamelas","8":"product_tag-memorias","10":"first","11":"instock","12":"shipping-taxable","13":"product-type-external"},"_links":{"self":[{"href":"https:\/\/www.ediciones-valnera.com\/index.php?rest_route=\/wp\/v2\/product\/296","targetHints":{"allow":["GET"]}}],"collection":[{"href":"https:\/\/www.ediciones-valnera.com\/index.php?rest_route=\/wp\/v2\/product"}],"about":[{"href":"https:\/\/www.ediciones-valnera.com\/index.php?rest_route=\/wp\/v2\/types\/product"}],"replies":[{"embeddable":true,"href":"https:\/\/www.ediciones-valnera.com\/index.php?rest_route=%2Fwp%2Fv2%2Fcomments&post=296"}],"wp:featuredmedia":[{"embeddable":true,"href":"https:\/\/www.ediciones-valnera.com\/index.php?rest_route=\/wp\/v2\/media\/639"}],"wp:attachment":[{"href":"https:\/\/www.ediciones-valnera.com\/index.php?rest_route=%2Fwp%2Fv2%2Fmedia&parent=296"}],"wp:term":[{"taxonomy":"product_brand","embeddable":true,"href":"https:\/\/www.ediciones-valnera.com\/index.php?rest_route=%2Fwp%2Fv2%2Fproduct_brand&post=296"},{"taxonomy":"product_cat","embeddable":true,"href":"https:\/\/www.ediciones-valnera.com\/index.php?rest_route=%2Fwp%2Fv2%2Fproduct_cat&post=296"},{"taxonomy":"product_tag","embeddable":true,"href":"https:\/\/www.ediciones-valnera.com\/index.php?rest_route=%2Fwp%2Fv2%2Fproduct_tag&post=296"}],"curies":[{"name":"wp","href":"https:\/\/api.w.org\/{rel}","templated":true}]}}

<p class="just">Angelina evoca en cuatro apartados a 18 familiares, 9 amigos, 14 escritores y 10 encuentros que, aunque casuales, son de los que dejan huella. Un libro de recuerdos nostálgicos, de infancia recuperada mediante la evocación de vivencias sencillas, meras anécdotas en muchas ocasiones. Abuelos y padres, hermanos y nietros, amigos, estudios, puestas de largo, noviazgo, trabajo periodístico, magisterio… huellas de una vida, en fin, que, unida a Santander y su mar con el agarre de una maroma, Lamelas recupera con palabras e imágenes desde la madurez, en pugna contra el olvido.</p>
<p class="just">‘Personajes de mi vida’ es un repaso de presencias y de algunas ausencias que siguen vivas en la memoria «y en los senderos del paraíso, alegrando la eternidad solemne de los bienaventurados». Angelina, siempre con la palabra justa y la expresión precisa, traslada con breves pinceladas la personalidad de sus familiares o de los escritores amigos, acercándolos al lector desde su mirada poética y comprensiva.</p>
