{"id":277,"date":"2008-10-05T00:45:37","date_gmt":"2008-10-05T00:45:37","guid":{"rendered":"http:\/\/127.0.0.1:10080\/wordpress\/?post_type=product&#038;p=277"},"modified":"2022-02-08T23:09:31","modified_gmt":"2022-02-08T23:09:31","slug":"transiciones","status":"publish","type":"product","link":"https:\/\/www.ediciones-valnera.com\/?product=transiciones","title":{"rendered":"Transiciones"},"content":{"rendered":"","protected":false},"excerpt":{"rendered":"<p><i>Transiciones<\/i>\u00a0es el t\u00edtulo de una exposici\u00f3n de pintura y de un libro. La exposici\u00f3n trata sobre las grandes estrellas del cine y la patrocina el Ayuntamiento de Santander; el libro es una especie de cat\u00e1logo, no venal, sobre la misma. El propio Jos\u00e9 Ram\u00f3n da en el pr\u00f3logo del cat\u00e1logo las claves de ese t\u00edtulo: \u00abLa pintura siempre ha sido para m\u00ed el arte de las cosas perdidas. Cosas que desaparecen una vez dibujadas, tras las primeras manchas, bajo las veladuras\u2026 Un cuadro terminado esconde muchas m\u00e1s cosas que las que muestra. Un cuadro que acabamos de firmar contiene giros, impulsos, cambios y detalles que nunca podr\u00e1n ser desvelados.\u00a0<i>Transiciones<\/i>\u00a0naci\u00f3 con vocaci\u00f3n de que alguno de esos misterios escondidos en la tabla pudiesen permanecer como testimonio de su paso por el cuadro, como dato puntual de un chispazo de inspiraci\u00f3n, como referente inequ\u00edvoco de un instante m\u00e1gico (\u2026) Que se vea una m\u00ednima parte del proceso. Que se entienda el porqu\u00e9 de un cambio imprevisto. Que se llegue a la conclusi\u00f3n de que en ese rostro repetido cuatro o cinco veces hay m\u00e1s trabajo que inspiraci\u00f3n\u00bb.<\/p>\n","protected":false},"featured_media":642,"comment_status":"closed","ping_status":"closed","template":"","meta":[],"product_brand":[],"product_cat":[94],"product_tag":[41,62],"class_list":{"0":"post-277","1":"product","2":"type-product","3":"status-publish","4":"has-post-thumbnail","6":"product_cat-varia","7":"product_tag-fuera-de-catalogo","8":"product_tag-jose-ramon-sanchez","10":"first","11":"instock","12":"shipping-taxable","13":"product-type-external"},"_links":{"self":[{"href":"https:\/\/www.ediciones-valnera.com\/index.php?rest_route=\/wp\/v2\/product\/277","targetHints":{"allow":["GET"]}}],"collection":[{"href":"https:\/\/www.ediciones-valnera.com\/index.php?rest_route=\/wp\/v2\/product"}],"about":[{"href":"https:\/\/www.ediciones-valnera.com\/index.php?rest_route=\/wp\/v2\/types\/product"}],"replies":[{"embeddable":true,"href":"https:\/\/www.ediciones-valnera.com\/index.php?rest_route=%2Fwp%2Fv2%2Fcomments&post=277"}],"wp:featuredmedia":[{"embeddable":true,"href":"https:\/\/www.ediciones-valnera.com\/index.php?rest_route=\/wp\/v2\/media\/642"}],"wp:attachment":[{"href":"https:\/\/www.ediciones-valnera.com\/index.php?rest_route=%2Fwp%2Fv2%2Fmedia&parent=277"}],"wp:term":[{"taxonomy":"product_brand","embeddable":true,"href":"https:\/\/www.ediciones-valnera.com\/index.php?rest_route=%2Fwp%2Fv2%2Fproduct_brand&post=277"},{"taxonomy":"product_cat","embeddable":true,"href":"https:\/\/www.ediciones-valnera.com\/index.php?rest_route=%2Fwp%2Fv2%2Fproduct_cat&post=277"},{"taxonomy":"product_tag","embeddable":true,"href":"https:\/\/www.ediciones-valnera.com\/index.php?rest_route=%2Fwp%2Fv2%2Fproduct_tag&post=277"}],"curies":[{"name":"wp","href":"https:\/\/api.w.org\/{rel}","templated":true}]}}

<p><i>Transiciones</i> es el título de una exposición de pintura y de un libro. La exposición trata sobre las grandes estrellas del cine y la patrocina el Ayuntamiento de Santander; el libro es una especie de catálogo, no venal, sobre la misma. El propio José Ramón da en el prólogo del catálogo las claves de ese título: «La pintura siempre ha sido para mí el arte de las cosas perdidas. Cosas que desaparecen una vez dibujadas, tras las primeras manchas, bajo las veladuras… Un cuadro terminado esconde muchas más cosas que las que muestra. Un cuadro que acabamos de firmar contiene giros, impulsos, cambios y detalles que nunca podrán ser desvelados. <i>Transiciones</i> nació con vocación de que alguno de esos misterios escondidos en la tabla pudiesen permanecer como testimonio de su paso por el cuadro, como dato puntual de un chispazo de inspiración, como referente inequívoco de un instante mágico (…) Que se vea una mínima parte del proceso. Que se entienda el porqué de un cambio imprevisto. Que se llegue a la conclusión de que en ese rostro repetido cuatro o cinco veces hay más trabajo que inspiración».</p>
