{"id":229,"date":"2022-01-05T00:11:10","date_gmt":"2022-01-04T23:11:10","guid":{"rendered":"http:\/\/127.0.0.1:10080\/wordpress\/?post_type=product&#038;p=229"},"modified":"2022-02-01T23:12:23","modified_gmt":"2022-02-01T23:12:23","slug":"cuando-el-abuelo-fue-nino","status":"publish","type":"product","link":"https:\/\/www.ediciones-valnera.com\/?product=cuando-el-abuelo-fue-nino","title":{"rendered":"Cuando el abuelo fue ni\u00f1o"},"content":{"rendered":"<p class=\"just\">El libro contiene una historia contada e ilustrada por el artista c\u00e1ntabro Jos\u00e9 Ram\u00f3n S\u00e1nchez, aunque por motivos literarios aparece su nieta Olivia como la persona que cuenta la historia del abuelo.<\/p>\n<p class=\"just\">En \u00e9l se recoge la vida del ilustrador c\u00e1ntabro de una manera cercana, sencilla, contada para ni\u00f1os a partir de ocho a\u00f1os de edad. Es una historia que trata de unir dos mundos muy diferentes, dos formas de vivir: la del abuelo, de setenta y seis a\u00f1os, y la de su nieta, de cuatro a\u00f1os. Una historia de superaci\u00f3n personal, en la que el protagonista vence todas las adversidades hasta obtener el reconocimiento art\u00edstico.<\/p>\n<p class=\"just\">Se ha traducido al ingl\u00e9s, idioma que aparece junto al castellano aunque impreso en un tono m\u00e1s suave, para darle un contenido de lectura escolar.<\/p>\n<p class=\"just\">Lo ha traducido el irland\u00e9s Frank Mc Donnell, profesor de la Escuela de Idiomas de Bilbao. Se incluye un apartado final de vocabulario castellano-ingl\u00e9s, basado en las im\u00e1genes de cada una de las p\u00e1ginas, seleccionado por Ana Herr\u00e1n de la Gala. Se pretende trabajar la explotaci\u00f3n de las im\u00e1genes, observando sus componentes.<\/p>\n","protected":false},"excerpt":{"rendered":"<p class=\"just\">En Valnera pretendemos abrir una ventana al atractivo mundo de la literatura infantil y juvenil y para ello iniciamos una colecci\u00f3n para los m\u00e1s peque\u00f1os: Valnera Infantil-Juvenil.<\/p>\n<p class=\"just\">Hemos querido comenzar con un libro escrito e ilustrado por el maestro de ilustradores Jos\u00e9 Ram\u00f3n S\u00e1nchez.<\/p>\n<p class=\"just\">Nos cost\u00f3 bastante convencerle, porque Jos\u00e9 Ram\u00f3n hace ya muchos a\u00f1os que no transita por la senda de los libros concebidos para los m\u00e1s peque\u00f1os, pero tras un tiempo de reflexi\u00f3n se volc\u00f3 en la idea y ha conseguido crear una historia atractiva y sencilla, que a muchos descubrir\u00e1 tambi\u00e9n su faceta de escritor. De hecho, el gran experto en este tipo de Literatura, Emilio Pascuel, coloca el valor del texto a la altura de las ilustraciones, o, incluso, \u00aben un escal\u00f3n superior\u00bb.<\/p>\n","protected":false},"featured_media":652,"comment_status":"closed","ping_status":"closed","template":"","meta":[],"product_brand":[],"product_cat":[85],"product_tag":[62],"class_list":{"0":"post-229","1":"product","2":"type-product","3":"status-publish","4":"has-post-thumbnail","6":"product_cat-valnera-infantil-juvenil","7":"product_tag-jose-ramon-sanchez","9":"first","10":"instock","11":"shipping-taxable","12":"product-type-external"},"_links":{"self":[{"href":"https:\/\/www.ediciones-valnera.com\/index.php?rest_route=\/wp\/v2\/product\/229","targetHints":{"allow":["GET"]}}],"collection":[{"href":"https:\/\/www.ediciones-valnera.com\/index.php?rest_route=\/wp\/v2\/product"}],"about":[{"href":"https:\/\/www.ediciones-valnera.com\/index.php?rest_route=\/wp\/v2\/types\/product"}],"replies":[{"embeddable":true,"href":"https:\/\/www.ediciones-valnera.com\/index.php?rest_route=%2Fwp%2Fv2%2Fcomments&post=229"}],"wp:featuredmedia":[{"embeddable":true,"href":"https:\/\/www.ediciones-valnera.com\/index.php?rest_route=\/wp\/v2\/media\/652"}],"wp:attachment":[{"href":"https:\/\/www.ediciones-valnera.com\/index.php?rest_route=%2Fwp%2Fv2%2Fmedia&parent=229"}],"wp:term":[{"taxonomy":"product_brand","embeddable":true,"href":"https:\/\/www.ediciones-valnera.com\/index.php?rest_route=%2Fwp%2Fv2%2Fproduct_brand&post=229"},{"taxonomy":"product_cat","embeddable":true,"href":"https:\/\/www.ediciones-valnera.com\/index.php?rest_route=%2Fwp%2Fv2%2Fproduct_cat&post=229"},{"taxonomy":"product_tag","embeddable":true,"href":"https:\/\/www.ediciones-valnera.com\/index.php?rest_route=%2Fwp%2Fv2%2Fproduct_tag&post=229"}],"curies":[{"name":"wp","href":"https:\/\/api.w.org\/{rel}","templated":true}]}}