{"id":213,"date":"2022-02-05T00:00:21","date_gmt":"2022-02-05T00:00:21","guid":{"rendered":"http:\/\/127.0.0.1:10080\/wordpress\/?post_type=product&#038;p=213"},"modified":"2025-11-06T11:32:07","modified_gmt":"2025-11-06T11:32:07","slug":"el-diablo-del-norte-espanol","status":"publish","type":"product","link":"https:\/\/www.ediciones-valnera.com\/?product=el-diablo-del-norte-espanol","title":{"rendered":"El diablo del norte espa\u00f1ol"},"content":{"rendered":"<p class=\"just\">Con las manos ba\u00f1adas en sangre, Roberto Ceballos despierta de una larga pesadilla y encuentra un mundo devastado y en guerra, donde todav\u00eda resuenan los lamentos de quienes hace tiempo cayeron en el Madrid del 8 de mayo de 1808, fecha que desat\u00f3 la Guerra de la Independencia.<\/p>\n<p class=\"just\">Una contienda larga y despiadada, que ha desgastado al ej\u00e9rcito galo empuj\u00e1ndolo en retirada hacia el norte. All\u00ed, en la costa monta\u00f1esa de Santo\u00f1a, en el escarpado monte Buciero, frente al mar Cant\u00e1brico, los franceses han erigido su \u00faltimo basti\u00f3n en la Pen\u00ednsula.<\/p>\n<p class=\"just\">Jam\u00e1s imagin\u00f3 Ceballos que nada pudiera someter su voluntad, ni sus deseos de huida hacia ninguna parte, hasta que irrumpi\u00f3 en su mundo la peque\u00f1a ni\u00f1a rubia de ojos claros y lunar en la frente. En la realidad infernal, donde afloran los rincones m\u00e1s sombr\u00edos del ser humano, el destino le reserva la responsabilidad de mantenerla con vida. Una encomienda para la que no le bastar\u00e1 su condici\u00f3n de hombre, pues solo con la ayuda de la bestia que habita en su interior, y emerge incontrolable para transformarlo en lobo cuando la ira o el miedo dominan su pensamiento, podr\u00e1 enfrentar un camino sembrado de peligros.<\/p>\n<p class=\"just\">El amor, la sed de venganza y el mito del lic\u00e1ntropo \u2014reflexi\u00f3n de la doble condici\u00f3n humana\u2014 resuenan en este relato de aventuras donde la acci\u00f3n atrapa al lector en sus fauces desde la primera frase, jalonando el camino de un protagonista que lo comienza como hombre y lo termina convertido en leyenda.<\/p>\n","protected":false},"excerpt":{"rendered":"<p>https:\/\/youtu.be\/6e3j0skiWaY<\/p>\n","protected":false},"featured_media":654,"comment_status":"closed","ping_status":"closed","template":"","meta":[],"product_brand":[],"product_cat":[86],"product_tag":[59],"class_list":{"0":"post-213","1":"product","2":"type-product","3":"status-publish","4":"has-post-thumbnail","6":"product_cat-valnera-literaria","7":"product_tag-jose-carlos-rojo","9":"first","10":"instock","11":"shipping-taxable","12":"product-type-external"},"_links":{"self":[{"href":"https:\/\/www.ediciones-valnera.com\/index.php?rest_route=\/wp\/v2\/product\/213","targetHints":{"allow":["GET"]}}],"collection":[{"href":"https:\/\/www.ediciones-valnera.com\/index.php?rest_route=\/wp\/v2\/product"}],"about":[{"href":"https:\/\/www.ediciones-valnera.com\/index.php?rest_route=\/wp\/v2\/types\/product"}],"replies":[{"embeddable":true,"href":"https:\/\/www.ediciones-valnera.com\/index.php?rest_route=%2Fwp%2Fv2%2Fcomments&post=213"}],"wp:featuredmedia":[{"embeddable":true,"href":"https:\/\/www.ediciones-valnera.com\/index.php?rest_route=\/wp\/v2\/media\/654"}],"wp:attachment":[{"href":"https:\/\/www.ediciones-valnera.com\/index.php?rest_route=%2Fwp%2Fv2%2Fmedia&parent=213"}],"wp:term":[{"taxonomy":"product_brand","embeddable":true,"href":"https:\/\/www.ediciones-valnera.com\/index.php?rest_route=%2Fwp%2Fv2%2Fproduct_brand&post=213"},{"taxonomy":"product_cat","embeddable":true,"href":"https:\/\/www.ediciones-valnera.com\/index.php?rest_route=%2Fwp%2Fv2%2Fproduct_cat&post=213"},{"taxonomy":"product_tag","embeddable":true,"href":"https:\/\/www.ediciones-valnera.com\/index.php?rest_route=%2Fwp%2Fv2%2Fproduct_tag&post=213"}],"curies":[{"name":"wp","href":"https:\/\/api.w.org\/{rel}","templated":true}]}}