{"id":211,"date":"2022-01-04T23:58:15","date_gmt":"2022-01-04T22:58:15","guid":{"rendered":"http:\/\/127.0.0.1:10080\/wordpress\/?post_type=product&#038;p=211"},"modified":"2025-11-06T11:33:53","modified_gmt":"2025-11-06T11:33:53","slug":"los-amores-efimeros","status":"publish","type":"product","link":"https:\/\/www.ediciones-valnera.com\/?product=los-amores-efimeros","title":{"rendered":"Los amores ef\u00edmeros"},"content":{"rendered":"","protected":false},"excerpt":{"rendered":"<p class=\"just\">Los amores ef\u00edmeros es una novela en la que el protagonista pertenece a esa clase de personas que siempre van buscando el amor absoluto y definitivo. Es \u00e9l quien nos cuenta, con un humor l\u00facido, y a ratos desalentado, sus historias sentimentales: los rom\u00e1nticos idilios adolescentes, su primer noviazgo, los despendolados devaneos universitarios y los mucho m\u00e1s cautelosos amor\u00edos de los comienzos de la edad adulta. Al lector le puede sorprender la facilidad con que su apasionado corazoncito se rinde a los encantos de las f\u00e9minas, la conmovedora candidez que le impulsa a cerrar los ojos y a lanzarse de cabeza a una nueva aventura. Esta firme disposici\u00f3n de \u00e1nimo le procurar\u00e1 sin duda algunos laureles y tambi\u00e9n cierto n\u00famero de sufrimientos y desenga\u00f1os.<\/p>\n<p class=\"just\">El autor advierte al lector que algunos episodios de este libro tienen un ineludible contenido er\u00f3tico, que \u00e9l ha intentado narrar con especial reserva y moderaci\u00f3n, evitando palabras y expresiones enojosamente indecorosas. Asimismo, desea aclarar que, aunque \u00e9l y el protagonista de la novela nacieron en la misma \u00e9poca y comparten profesi\u00f3n, estudios y algunas experiencias m\u00e1s o menos desafortunadas, su deber es pedirle al lector que no caiga en la ingenua tentaci\u00f3n de identificarle con su personaje.<\/p>\n<p class=\"just\">(Dicho esto, tambi\u00e9n confiesa que no ser\u00eda acertado afirmar que nada de lo que aqu\u00ed se cuenta le sucedi\u00f3 jam\u00e1s al autor).<\/p>\n","protected":false},"featured_media":655,"comment_status":"closed","ping_status":"closed","template":"","meta":[],"product_brand":[],"product_cat":[86],"product_tag":[53],"class_list":{"0":"post-211","1":"product","2":"type-product","3":"status-publish","4":"has-post-thumbnail","6":"product_cat-valnera-literaria","7":"product_tag-jesus-carazo","9":"first","10":"instock","11":"shipping-taxable","12":"product-type-external"},"_links":{"self":[{"href":"https:\/\/www.ediciones-valnera.com\/index.php?rest_route=\/wp\/v2\/product\/211","targetHints":{"allow":["GET"]}}],"collection":[{"href":"https:\/\/www.ediciones-valnera.com\/index.php?rest_route=\/wp\/v2\/product"}],"about":[{"href":"https:\/\/www.ediciones-valnera.com\/index.php?rest_route=\/wp\/v2\/types\/product"}],"replies":[{"embeddable":true,"href":"https:\/\/www.ediciones-valnera.com\/index.php?rest_route=%2Fwp%2Fv2%2Fcomments&post=211"}],"wp:featuredmedia":[{"embeddable":true,"href":"https:\/\/www.ediciones-valnera.com\/index.php?rest_route=\/wp\/v2\/media\/655"}],"wp:attachment":[{"href":"https:\/\/www.ediciones-valnera.com\/index.php?rest_route=%2Fwp%2Fv2%2Fmedia&parent=211"}],"wp:term":[{"taxonomy":"product_brand","embeddable":true,"href":"https:\/\/www.ediciones-valnera.com\/index.php?rest_route=%2Fwp%2Fv2%2Fproduct_brand&post=211"},{"taxonomy":"product_cat","embeddable":true,"href":"https:\/\/www.ediciones-valnera.com\/index.php?rest_route=%2Fwp%2Fv2%2Fproduct_cat&post=211"},{"taxonomy":"product_tag","embeddable":true,"href":"https:\/\/www.ediciones-valnera.com\/index.php?rest_route=%2Fwp%2Fv2%2Fproduct_tag&post=211"}],"curies":[{"name":"wp","href":"https:\/\/api.w.org\/{rel}","templated":true}]}}

Los amores efímeros

<p class="just">Los amores efímeros es una novela en la que el protagonista pertenece a esa clase de personas que siempre van buscando el amor absoluto y definitivo. Es él quien nos cuenta, con un humor lúcido, y a ratos desalentado, sus historias sentimentales: los románticos idilios adolescentes, su primer noviazgo, los despendolados devaneos universitarios y los mucho más cautelosos amoríos de los comienzos de la edad adulta. Al lector le puede sorprender la facilidad con que su apasionado corazoncito se rinde a los encantos de las féminas, la conmovedora candidez que le impulsa a cerrar los ojos y a lanzarse de cabeza a una nueva aventura. Esta firme disposición de ánimo le procurará sin duda algunos laureles y también cierto número de sufrimientos y desengaños.</p>
<p class="just">El autor advierte al lector que algunos episodios de este libro tienen un ineludible contenido erótico, que él ha intentado narrar con especial reserva y moderación, evitando palabras y expresiones enojosamente indecorosas. Asimismo, desea aclarar que, aunque él y el protagonista de la novela nacieron en la misma época y comparten profesión, estudios y algunas experiencias más o menos desafortunadas, su deber es pedirle al lector que no caiga en la ingenua tentación de identificarle con su personaje.</p>
<p class="just">(Dicho esto, también confiesa que no sería acertado afirmar que nada de lo que aquí se cuenta le sucedió jamás al autor).</p>
