{"id":203,"date":"2022-01-04T23:46:34","date_gmt":"2022-01-04T22:46:34","guid":{"rendered":"http:\/\/127.0.0.1:10080\/wordpress\/?post_type=product&#038;p=203"},"modified":"2025-11-06T11:36:21","modified_gmt":"2025-11-06T11:36:21","slug":"palabras-prestadas","status":"publish","type":"product","link":"https:\/\/www.ediciones-valnera.com\/?product=palabras-prestadas","title":{"rendered":"Palabras prestadas"},"content":{"rendered":"<p class=\"just\">El libro est\u00e1 compuesto por catorce relatos y un pr\u00f3logo desde la UCI. Sus protagonistas son seres solitarios, desvalidos, atrapados en la tristeza y en la a\u00f1oranza. Seres desamparados que tienen en com\u00fan cierto sentimiento de fracaso.<\/p>\n<p class=\"just\">Todos ellos parece que necesitan transmitirnos las causas de su desasosiego. Por eso se desnudan ante nosotros y nos hablan desde la primera persona \u2014mon\u00f3logos que se convierten en realidad en confesiones \u00edntimas\u2014, aunque no lleguemos en ocasiones ni a conocer su nombre. En ese sentido son personajes an\u00f3nimos, pero perfectamente reconocibles. Gentes corrientes con las que cualquiera puede toparse a diario por la calle, integradas a la perfecci\u00f3n en un entorno que las impregna de actualidad y por el que deambulan como tel\u00f3n de fondo de nuestro teatro social. Y con un punto en com\u00fan: casi todos ellos tienen alg\u00fan secreto, inconfesable para la sociedad, pero que no tienen rubor en confesar a los lectores.<\/p>\n<p class=\"just\">Es una obra escrita en la madurez vital, y literariamente muy madura, que el autor ha ido componiendo sin prisas ni pretensiones, con el poso de sus muchas lecturas y con una capacidad innata para hacer veros\u00edmil el complejo mundo interior de los personajes.<\/p>\n","protected":false},"excerpt":{"rendered":"<p><i>Palabras prestadas<\/i>\u00a0es el segundo libro que publica el profesor Javier Gonz\u00e1lez D\u00edez, lodosano de nacimiento y reinosano de adopci\u00f3n (el primero,\u00a0<i>Si me dan a elegir\u2026<\/i>\u00a0fue el n\u00famero 14 de la misma colecci\u00f3n de Valnera Literaria).<\/p>\n","protected":false},"featured_media":660,"comment_status":"closed","ping_status":"closed","template":"","meta":[],"product_brand":[],"product_cat":[86],"product_tag":[46],"class_list":{"0":"post-203","1":"product","2":"type-product","3":"status-publish","4":"has-post-thumbnail","6":"product_cat-valnera-literaria","7":"product_tag-javier-gonzalez-diez","9":"first","10":"instock","11":"shipping-taxable","12":"product-type-external"},"_links":{"self":[{"href":"https:\/\/www.ediciones-valnera.com\/index.php?rest_route=\/wp\/v2\/product\/203","targetHints":{"allow":["GET"]}}],"collection":[{"href":"https:\/\/www.ediciones-valnera.com\/index.php?rest_route=\/wp\/v2\/product"}],"about":[{"href":"https:\/\/www.ediciones-valnera.com\/index.php?rest_route=\/wp\/v2\/types\/product"}],"replies":[{"embeddable":true,"href":"https:\/\/www.ediciones-valnera.com\/index.php?rest_route=%2Fwp%2Fv2%2Fcomments&post=203"}],"wp:featuredmedia":[{"embeddable":true,"href":"https:\/\/www.ediciones-valnera.com\/index.php?rest_route=\/wp\/v2\/media\/660"}],"wp:attachment":[{"href":"https:\/\/www.ediciones-valnera.com\/index.php?rest_route=%2Fwp%2Fv2%2Fmedia&parent=203"}],"wp:term":[{"taxonomy":"product_brand","embeddable":true,"href":"https:\/\/www.ediciones-valnera.com\/index.php?rest_route=%2Fwp%2Fv2%2Fproduct_brand&post=203"},{"taxonomy":"product_cat","embeddable":true,"href":"https:\/\/www.ediciones-valnera.com\/index.php?rest_route=%2Fwp%2Fv2%2Fproduct_cat&post=203"},{"taxonomy":"product_tag","embeddable":true,"href":"https:\/\/www.ediciones-valnera.com\/index.php?rest_route=%2Fwp%2Fv2%2Fproduct_tag&post=203"}],"curies":[{"name":"wp","href":"https:\/\/api.w.org\/{rel}","templated":true}]}}