{"id":197,"date":"2022-01-04T01:10:04","date_gmt":"2022-01-04T00:10:04","guid":{"rendered":"http:\/\/127.0.0.1:10080\/wordpress\/?post_type=product&#038;p=197"},"modified":"2025-11-06T11:37:54","modified_gmt":"2025-11-06T11:37:54","slug":"carne-de-cuento","status":"publish","type":"product","link":"https:\/\/www.ediciones-valnera.com\/?product=carne-de-cuento","title":{"rendered":"Carne de cuento"},"content":{"rendered":"<p>En este delicioso libro Angelina narra de mano maestra lo que le pasa, sus recuerdos docentes en Francia e Inglaterra, su encuentro con un franc\u00e9s en la Almudaina, sus experiencias itinerantes, las cosas que perdi\u00f3 en los viajes, peque\u00f1as an\u00e9cdotas familiares, cotidianas, que su arte eleva a categor\u00edas. Siempre sugiriendo m\u00e1s de lo que expresamente cuenta, la autora nos encandila con su humor, con su gracia alada, con sus enso\u00f1aciones, y al acabar de leer sus relatos breves uno tiene la impresi\u00f3n de que encierran mucho m\u00e1s de lo que las palabras denotan.<\/p>\n<p>Esta nueva obra de Angelina Lamelas raya en la perfecci\u00f3n. La autora alcanza con estos relatos su plenitud creadora. Unos cuentos que, como dijo en su d\u00eda Medardo Fraile, \u00abest\u00e1n escritos con una belleza deslumbrante al alcance de todos, con humor, soberana gracia, precisi\u00f3n ejemplar, originalidad gozosa, y andan con paso de pies de \u00e1ngel\u00bb.<\/p>\n<p>Angelina Lamelas ama la vida, a su familia, a sus amigos. Y comparte su amor con los lectores, en estos cuentos que nos dejan tocados por el gozo de vivir.<\/p>\n","protected":false},"excerpt":{"rendered":"<p class=\"just\">Angelina Lamelas es una escritora que cincela el lenguaje, y pule y corrige las palabras y las frases hasta que el relato fluye plet\u00f3rico de contenci\u00f3n y de comunicaci\u00f3n. Porque el arduo trabajo de refinar el estilo no est\u00e1 re\u00f1ido en absoluto con la transmisi\u00f3n de emociones y sentimientos. \u00abM\u00e1s valen quintaesencias que f\u00e1rragos\u00bb, aseveraba Graci\u00e1n. Mas el indispensable distanciamiento brechtiano se hermana en sus cuentos con la cercan\u00eda afectiva al lector.<\/p>\n","protected":false},"featured_media":663,"comment_status":"closed","ping_status":"closed","template":"","meta":[],"product_brand":[],"product_cat":[86],"product_tag":[24],"class_list":{"0":"post-197","1":"product","2":"type-product","3":"status-publish","4":"has-post-thumbnail","6":"product_cat-valnera-literaria","7":"product_tag-angelina-lamelas","9":"first","10":"instock","11":"shipping-taxable","12":"product-type-external"},"_links":{"self":[{"href":"https:\/\/www.ediciones-valnera.com\/index.php?rest_route=\/wp\/v2\/product\/197","targetHints":{"allow":["GET"]}}],"collection":[{"href":"https:\/\/www.ediciones-valnera.com\/index.php?rest_route=\/wp\/v2\/product"}],"about":[{"href":"https:\/\/www.ediciones-valnera.com\/index.php?rest_route=\/wp\/v2\/types\/product"}],"replies":[{"embeddable":true,"href":"https:\/\/www.ediciones-valnera.com\/index.php?rest_route=%2Fwp%2Fv2%2Fcomments&post=197"}],"wp:featuredmedia":[{"embeddable":true,"href":"https:\/\/www.ediciones-valnera.com\/index.php?rest_route=\/wp\/v2\/media\/663"}],"wp:attachment":[{"href":"https:\/\/www.ediciones-valnera.com\/index.php?rest_route=%2Fwp%2Fv2%2Fmedia&parent=197"}],"wp:term":[{"taxonomy":"product_brand","embeddable":true,"href":"https:\/\/www.ediciones-valnera.com\/index.php?rest_route=%2Fwp%2Fv2%2Fproduct_brand&post=197"},{"taxonomy":"product_cat","embeddable":true,"href":"https:\/\/www.ediciones-valnera.com\/index.php?rest_route=%2Fwp%2Fv2%2Fproduct_cat&post=197"},{"taxonomy":"product_tag","embeddable":true,"href":"https:\/\/www.ediciones-valnera.com\/index.php?rest_route=%2Fwp%2Fv2%2Fproduct_tag&post=197"}],"curies":[{"name":"wp","href":"https:\/\/api.w.org\/{rel}","templated":true}]}}