{"id":193,"date":"2022-01-04T01:04:52","date_gmt":"2022-01-04T00:04:52","guid":{"rendered":"http:\/\/127.0.0.1:10080\/wordpress\/?post_type=product&#038;p=193"},"modified":"2025-11-06T11:38:52","modified_gmt":"2025-11-06T11:38:52","slug":"trampas-de-niebla","status":"publish","type":"product","link":"https:\/\/www.ediciones-valnera.com\/?product=trampas-de-niebla","title":{"rendered":"Trampas de niebla"},"content":{"rendered":"","protected":false},"excerpt":{"rendered":"<p class=\"just\">Una atm\u00f3sfera de bruma y aislamiento rodea las Tierras Altas de Eliambroz, comarca remota donde la brutalidad, el caciquismo, la ignorancia y la envidia son el pan de cada d\u00eda. Los frutos de la Ilustraci\u00f3n y de la cultura llegan con dificultad a esas tierras apartadas del mundo, pero no as\u00ed las heridas del tiempo reflejado en estas p\u00e1ginas: el negocio de la esclavitud, la guerra de la Independencia, las luchas carlistas, la contienda fratricida de 1936, la dif\u00edcil recuperaci\u00f3n de la memoria hist\u00f3rica.<\/p>\n<p class=\"just\">En ese nebuloso territorio, y en ese marco temporal que abarca dos siglos, se desarrollan los trece relatos articulados entre s\u00ed que componen\u00a0<i>Trampas de niebla<\/i>, t\u00edtulo que hace referencia a las redes invisibles para la captura de peque\u00f1os p\u00e1jaros \u2014ya prohibidas\u2014 y a las trampas igualmente invisibles que la vida tiende a sus protagonistas. Tales son los hilos, las redes de niebla, que tejen la intrahistoria de un territorio m\u00edtico e imaginario donde, como en un espejo roto, se refleja una Espa\u00f1a en la que \u00abel infierno suele estar en nosotros mismos\u00bb.<\/p>\n<p class=\"just\">A lo largo de esta novela, que s\u00f3lo en apariencia es un libro de relatos, la precisa mano literaria de Jos\u00e9 Antonio Abella nos conduce por la dura geograf\u00eda de las Tierras Altas, atrap\u00e1ndonos desde el principio y sin soltarnos hasta el final: Tierras Altas de Eliambroz que se suman a otros espacios literarios como Celama, Macondo o Regi\u00f3n, casi tan reales como la vida en el coraz\u00f3n y la memoria del lector.<\/p>\n","protected":false},"featured_media":665,"comment_status":"closed","ping_status":"closed","template":"","meta":[],"product_brand":[],"product_cat":[86],"product_tag":[58],"class_list":{"0":"post-193","1":"product","2":"type-product","3":"status-publish","4":"has-post-thumbnail","6":"product_cat-valnera-literaria","7":"product_tag-jose-antonio-abella","9":"first","10":"instock","11":"shipping-taxable","12":"product-type-external"},"_links":{"self":[{"href":"https:\/\/www.ediciones-valnera.com\/index.php?rest_route=\/wp\/v2\/product\/193","targetHints":{"allow":["GET"]}}],"collection":[{"href":"https:\/\/www.ediciones-valnera.com\/index.php?rest_route=\/wp\/v2\/product"}],"about":[{"href":"https:\/\/www.ediciones-valnera.com\/index.php?rest_route=\/wp\/v2\/types\/product"}],"replies":[{"embeddable":true,"href":"https:\/\/www.ediciones-valnera.com\/index.php?rest_route=%2Fwp%2Fv2%2Fcomments&post=193"}],"wp:featuredmedia":[{"embeddable":true,"href":"https:\/\/www.ediciones-valnera.com\/index.php?rest_route=\/wp\/v2\/media\/665"}],"wp:attachment":[{"href":"https:\/\/www.ediciones-valnera.com\/index.php?rest_route=%2Fwp%2Fv2%2Fmedia&parent=193"}],"wp:term":[{"taxonomy":"product_brand","embeddable":true,"href":"https:\/\/www.ediciones-valnera.com\/index.php?rest_route=%2Fwp%2Fv2%2Fproduct_brand&post=193"},{"taxonomy":"product_cat","embeddable":true,"href":"https:\/\/www.ediciones-valnera.com\/index.php?rest_route=%2Fwp%2Fv2%2Fproduct_cat&post=193"},{"taxonomy":"product_tag","embeddable":true,"href":"https:\/\/www.ediciones-valnera.com\/index.php?rest_route=%2Fwp%2Fv2%2Fproduct_tag&post=193"}],"curies":[{"name":"wp","href":"https:\/\/api.w.org\/{rel}","templated":true}]}}

<p class="just">Una atmósfera de bruma y aislamiento rodea las Tierras Altas de Eliambroz, comarca remota donde la brutalidad, el caciquismo, la ignorancia y la envidia son el pan de cada día. Los frutos de la Ilustración y de la cultura llegan con dificultad a esas tierras apartadas del mundo, pero no así las heridas del tiempo reflejado en estas páginas: el negocio de la esclavitud, la guerra de la Independencia, las luchas carlistas, la contienda fratricida de 1936, la difícil recuperación de la memoria histórica.</p>
<p class="just">En ese nebuloso territorio, y en ese marco temporal que abarca dos siglos, se desarrollan los trece relatos articulados entre sí que componen <i>Trampas de niebla</i>, título que hace referencia a las redes invisibles para la captura de pequeños pájaros —ya prohibidas— y a las trampas igualmente invisibles que la vida tiende a sus protagonistas. Tales son los hilos, las redes de niebla, que tejen la intrahistoria de un territorio mítico e imaginario donde, como en un espejo roto, se refleja una España en la que «el infierno suele estar en nosotros mismos».</p>
<p class="just">A lo largo de esta novela, que sólo en apariencia es un libro de relatos, la precisa mano literaria de José Antonio Abella nos conduce por la dura geografía de las Tierras Altas, atrapándonos desde el principio y sin soltarnos hasta el final: Tierras Altas de Eliambroz que se suman a otros espacios literarios como Celama, Macondo o Región, casi tan reales como la vida en el corazón y la memoria del lector.</p>
