{"id":171,"date":"2022-01-04T00:21:10","date_gmt":"2022-01-03T23:21:10","guid":{"rendered":"http:\/\/127.0.0.1:10080\/wordpress\/?post_type=product&#038;p=171"},"modified":"2025-11-06T11:47:06","modified_gmt":"2025-11-06T11:47:06","slug":"desdoblados","status":"publish","type":"product","link":"https:\/\/www.ediciones-valnera.com\/?product=desdoblados","title":{"rendered":"Desdoblados"},"content":{"rendered":"<p>Una mujer cuyos d\u00edas no duran veinticuatro horas sino cuarenta y ocho, una pareja que se divorcia para enamorarse otra vez, una chica francesa que no ha nacido en Francia, un hombre que se echa a dormir en la secci\u00f3n de colchones de un centro comercial, un matrimonio que lleva treinta a\u00f1os sin cruzarse una palabra, un escritor que encuentra cientos de ejemplares de su \u00fanica novela como atrezo en una tienda de mueble y decoraci\u00f3n, un anciano que se pone triste cuando las minifaldas se agitan como alegres banderas en el parque\u2026 los personajes de\u00a0<i>Desdoblados<\/i>\u00a0son parejas deshechas que no se deshacen del todo, individuos que se refugian en sus sue\u00f1os para huir de la realidad, personas atrapadas en una opresora zona de confort vital.<\/p>\n","protected":false},"excerpt":{"rendered":"<p class=\"just\"><i>Desdoblados<\/i>\u00a0habla de la soledad, del amor, de las ilusiones humilladas, de lo que ocurre cuando la vida construida no es la vida deseada. Personajes que se enfrentan a una existencia llena de l\u00edmites, reales o imaginarios, que no pueden o no saben rebasar.<\/p>\n<p class=\"just\">Son sesenta cuentos breves, cuentos del tama\u00f1o de un pu\u00f1etazo, que golpean con una narraci\u00f3n directa y sin artificios. Historias a veces cotidianas en las que parece no suceder nada pero en las que sucede todo, historias a veces divertidas en las que se presentan con naturalidad situaciones irreales. Relatos, en definitiva, en los que los sue\u00f1os acaban siendo fallidos suced\u00e1neos de la experiencia, vulgares imitaciones a las que recurren quienes no saben hacer con su vida algo mejor.<\/p>\n","protected":false},"featured_media":676,"comment_status":"closed","ping_status":"closed","template":"","meta":[],"product_brand":[],"product_cat":[111],"product_tag":[69],"class_list":{"0":"post-171","1":"product","2":"type-product","3":"status-publish","4":"has-post-thumbnail","6":"product_cat-valnera-literaria-2","7":"product_tag-marcos-diez","9":"first","10":"instock","11":"shipping-taxable","12":"product-type-external"},"_links":{"self":[{"href":"https:\/\/www.ediciones-valnera.com\/index.php?rest_route=\/wp\/v2\/product\/171","targetHints":{"allow":["GET"]}}],"collection":[{"href":"https:\/\/www.ediciones-valnera.com\/index.php?rest_route=\/wp\/v2\/product"}],"about":[{"href":"https:\/\/www.ediciones-valnera.com\/index.php?rest_route=\/wp\/v2\/types\/product"}],"replies":[{"embeddable":true,"href":"https:\/\/www.ediciones-valnera.com\/index.php?rest_route=%2Fwp%2Fv2%2Fcomments&post=171"}],"wp:featuredmedia":[{"embeddable":true,"href":"https:\/\/www.ediciones-valnera.com\/index.php?rest_route=\/wp\/v2\/media\/676"}],"wp:attachment":[{"href":"https:\/\/www.ediciones-valnera.com\/index.php?rest_route=%2Fwp%2Fv2%2Fmedia&parent=171"}],"wp:term":[{"taxonomy":"product_brand","embeddable":true,"href":"https:\/\/www.ediciones-valnera.com\/index.php?rest_route=%2Fwp%2Fv2%2Fproduct_brand&post=171"},{"taxonomy":"product_cat","embeddable":true,"href":"https:\/\/www.ediciones-valnera.com\/index.php?rest_route=%2Fwp%2Fv2%2Fproduct_cat&post=171"},{"taxonomy":"product_tag","embeddable":true,"href":"https:\/\/www.ediciones-valnera.com\/index.php?rest_route=%2Fwp%2Fv2%2Fproduct_tag&post=171"}],"curies":[{"name":"wp","href":"https:\/\/api.w.org\/{rel}","templated":true}]}}