{"id":1495,"date":"2026-03-24T17:37:54","date_gmt":"2026-03-24T17:37:54","guid":{"rendered":"https:\/\/www.ediciones-valnera.com\/?post_type=product&#038;p=1495"},"modified":"2026-03-31T14:23:00","modified_gmt":"2026-03-31T14:23:00","slug":"mi-loca-historia-del-baloncesto-el-nino-que-nunca-dejo-de-sonar","status":"publish","type":"product","link":"https:\/\/www.ediciones-valnera.com\/?product=mi-loca-historia-del-baloncesto-el-nino-que-nunca-dejo-de-sonar","title":{"rendered":"MI LOCA HISTORIA DEL BALONCESTO. El ni\u00f1o que nunca dej\u00f3 de so\u00f1ar"},"content":{"rendered":"<p>Del Pr\u00f3logo de Pau Gasol:<\/p>\n<p>\u00abAlgunas historias se leen; otras, adem\u00e1s, se miran. Estas p\u00e1ginas que tienes en tus manos no son solo historias de baloncesto. Son un conjunto de miradas, de l\u00edneas, de colores y de intuiciones. Andr\u00e9s Jim\u00e9nez combina el relato con el dibujo para ofrecer una forma distinta de contar el baloncesto y la vida, desde su mirada y, sobre todo, desde sus trazos\u00bb.<\/p>\n","protected":false},"excerpt":{"rendered":"<p>Andr\u00e9s Jim\u00e9nez no solo dej\u00f3 huella en la cancha. Entre el <strong>Cotonificio<\/strong>, el <strong>Joventut<\/strong>, el <strong>Bar\u00e7a<\/strong> y la <strong>Selecci\u00f3n<\/strong>, altern\u00f3 el bal\u00f3n con los l\u00e1pices, demostrando que el arte y el deporte pueden latir al mismo ritmo.<\/p>\n<p>Fruto de ello es este libro, en el que el propio <strong>Jimix <\/strong>nos gu\u00eda por un viaje visual que re\u00fane tres piezas esenciales:<\/p>\n<ul>\n<li>Su <strong>biograf\u00eda<\/strong>: el no siempre f\u00e1cil ascenso de un icono.<\/li>\n<li><strong>Una \u00abloca\u00bb historia del baloncesto<\/strong>: creativa y desbordante de humor.<\/li>\n<li><strong>El diario de Los \u00c1ngeles \u201984<\/strong>: una mirada \u00edntima a la medalla que cambi\u00f3 nuestro deporte.<\/li>\n<\/ul>\n<p>El volumen se completa con un \u00e1lbum fotogr\u00e1fico y un apartado que facilita el acceso a una amplia selecci\u00f3n de art\u00edculos, entrevistas y v\u00eddeos.<\/p>\n<p>Una obra gr\u00e1fica imprescindible para asomarse a la mente de un deportista que supo ilustrar su propia leyenda.<\/p>\n","protected":false},"featured_media":1496,"comment_status":"closed","ping_status":"closed","template":"","meta":[],"product_brand":[],"product_cat":[93,84],"product_tag":[],"class_list":{"0":"post-1495","1":"product","2":"type-product","3":"status-publish","4":"has-post-thumbnail","6":"product_cat-novedades","7":"product_cat-valnera-grafica","9":"first","10":"instock","11":"shipping-taxable","12":"product-type-external"},"_links":{"self":[{"href":"https:\/\/www.ediciones-valnera.com\/index.php?rest_route=\/wp\/v2\/product\/1495","targetHints":{"allow":["GET"]}}],"collection":[{"href":"https:\/\/www.ediciones-valnera.com\/index.php?rest_route=\/wp\/v2\/product"}],"about":[{"href":"https:\/\/www.ediciones-valnera.com\/index.php?rest_route=\/wp\/v2\/types\/product"}],"replies":[{"embeddable":true,"href":"https:\/\/www.ediciones-valnera.com\/index.php?rest_route=%2Fwp%2Fv2%2Fcomments&post=1495"}],"wp:featuredmedia":[{"embeddable":true,"href":"https:\/\/www.ediciones-valnera.com\/index.php?rest_route=\/wp\/v2\/media\/1496"}],"wp:attachment":[{"href":"https:\/\/www.ediciones-valnera.com\/index.php?rest_route=%2Fwp%2Fv2%2Fmedia&parent=1495"}],"wp:term":[{"taxonomy":"product_brand","embeddable":true,"href":"https:\/\/www.ediciones-valnera.com\/index.php?rest_route=%2Fwp%2Fv2%2Fproduct_brand&post=1495"},{"taxonomy":"product_cat","embeddable":true,"href":"https:\/\/www.ediciones-valnera.com\/index.php?rest_route=%2Fwp%2Fv2%2Fproduct_cat&post=1495"},{"taxonomy":"product_tag","embeddable":true,"href":"https:\/\/www.ediciones-valnera.com\/index.php?rest_route=%2Fwp%2Fv2%2Fproduct_tag&post=1495"}],"curies":[{"name":"wp","href":"https:\/\/api.w.org\/{rel}","templated":true}]}}

MI LOCA HISTORIA DEL BALONCESTO. El niño que nunca dejó de soñar

<p>Del Prólogo de Pau Gasol:</p>
<p>«Algunas historias se leen; otras, además, se miran. Estas páginas que tienes en tus manos no son solo historias de baloncesto. Son un conjunto de miradas, de líneas, de colores y de intuiciones. Andrés Jiménez combina el relato con el dibujo para ofrecer una forma distinta de contar el baloncesto y la vida, desde su mirada y, sobre todo, desde sus trazos».</p>

<p>Andrés Jiménez no solo dejó huella en la cancha. Entre el <strong>Cotonificio</strong>, el <strong>Joventut</strong>, el <strong>Barça</strong> y la <strong>Selección</strong>, alternó el balón con los lápices, demostrando que el arte y el deporte pueden latir al mismo ritmo.</p>
<p>Fruto de ello es este libro, en el que el propio <strong>Jimix </strong>nos guía por un viaje visual que reúne tres piezas esenciales:</p>
<ul>
<li>Su <strong>biografía</strong>: el no siempre fácil ascenso de un icono.</li>
<li><strong>Una «loca» historia del baloncesto</strong>: creativa y desbordante de humor.</li>
<li><strong>El diario de Los Ángeles ’84</strong>: una mirada íntima a la medalla que cambió nuestro deporte.</li>
</ul>
<p>El volumen se completa con un álbum fotográfico y un apartado que facilita el acceso a una amplia selección de artículos, entrevistas y vídeos.</p>
<p>Una obra gráfica imprescindible para asomarse a la mente de un deportista que supo ilustrar su propia leyenda.</p>
