{"id":1367,"date":"2025-10-14T12:13:55","date_gmt":"2025-10-14T12:13:55","guid":{"rendered":"https:\/\/www.ediciones-valnera.com\/?post_type=product&#038;p=1367"},"modified":"2025-11-06T11:15:24","modified_gmt":"2025-11-06T11:15:24","slug":"santa-selma","status":"publish","type":"product","link":"https:\/\/www.ediciones-valnera.com\/?product=santa-selma","title":{"rendered":"SANTA SELMA"},"content":{"rendered":"<p>Todo comienza con la aparici\u00f3n accidental del cad\u00e1ver incorrupto de Selma, una perrita schnauzer muerta y enterrada cinco a\u00f1os atr\u00e1s, que desencadenar\u00e1 una conmoci\u00f3n en la ciudad de Zamora. Los medios de comunicaci\u00f3n, y en especial una cadena de televisi\u00f3n nacional, volcada en programas del coraz\u00f3n y otras v\u00edsceras huecas, utilizar\u00e1n la noticia para aumentar sus \u00edndices de audiencia y jalear sin escr\u00fapulos la necedad de sus asiduos. Una sociedad protectora de animales y un partido animalista radical quieren aprovechar tambi\u00e9n ese suceso extraordinario para denunciar el maltrato animal e iniciar una campa\u00f1a contra los ahorcamientos de galgos que se siguen produciendo en este pa\u00eds b\u00e1rbaro.<\/p>\n<p>Con intenci\u00f3n muy diferente, un grupo de inmigrantes sudamericanos relaciona el prodigio con el Se\u00f1or de los Milagros, muy venerado en Per\u00fa. Nace as\u00ed la \u00abCofrad\u00eda Andino Zamorana de Santa Selma y el Se\u00f1or de los Milagros\u00bb, cuya primera sede ser\u00e1 una caravana abandonada en un camino vecinal. Multitud de peregrinos se acercar\u00e1n a ella, donde los milagros no se hacen esperar.<\/p>\n","protected":false},"excerpt":{"rendered":"<p>No es esta una obra para cazadores o aficionados a la tortura de los toros. S\u00ed para quienes aman a los animales, para los que tienen un perro y gozan de su compa\u00f1\u00eda, y para aquellos a los que alguna vez se le pas\u00f3 por la cabeza votar a un Partido Animalista.<\/p>\n<p>Jos\u00e9 Antonio Abella lanza en esta novela un alegato demoledor contra la caza, la tauromaquia, la telebasura y la estupidez humana, capaz de abrir las puertas del infierno en lo que debiera ser un para\u00edso.<\/p>\n<p>&nbsp;<\/p>\n","protected":false},"featured_media":1368,"comment_status":"closed","ping_status":"closed","template":"","meta":[],"product_brand":[],"product_cat":[93,86],"product_tag":[],"class_list":{"0":"post-1367","1":"product","2":"type-product","3":"status-publish","4":"has-post-thumbnail","6":"product_cat-novedades","7":"product_cat-valnera-literaria","9":"first","10":"instock","11":"shipping-taxable","12":"product-type-external"},"_links":{"self":[{"href":"https:\/\/www.ediciones-valnera.com\/index.php?rest_route=\/wp\/v2\/product\/1367","targetHints":{"allow":["GET"]}}],"collection":[{"href":"https:\/\/www.ediciones-valnera.com\/index.php?rest_route=\/wp\/v2\/product"}],"about":[{"href":"https:\/\/www.ediciones-valnera.com\/index.php?rest_route=\/wp\/v2\/types\/product"}],"replies":[{"embeddable":true,"href":"https:\/\/www.ediciones-valnera.com\/index.php?rest_route=%2Fwp%2Fv2%2Fcomments&post=1367"}],"wp:featuredmedia":[{"embeddable":true,"href":"https:\/\/www.ediciones-valnera.com\/index.php?rest_route=\/wp\/v2\/media\/1368"}],"wp:attachment":[{"href":"https:\/\/www.ediciones-valnera.com\/index.php?rest_route=%2Fwp%2Fv2%2Fmedia&parent=1367"}],"wp:term":[{"taxonomy":"product_brand","embeddable":true,"href":"https:\/\/www.ediciones-valnera.com\/index.php?rest_route=%2Fwp%2Fv2%2Fproduct_brand&post=1367"},{"taxonomy":"product_cat","embeddable":true,"href":"https:\/\/www.ediciones-valnera.com\/index.php?rest_route=%2Fwp%2Fv2%2Fproduct_cat&post=1367"},{"taxonomy":"product_tag","embeddable":true,"href":"https:\/\/www.ediciones-valnera.com\/index.php?rest_route=%2Fwp%2Fv2%2Fproduct_tag&post=1367"}],"curies":[{"name":"wp","href":"https:\/\/api.w.org\/{rel}","templated":true}]}}