{"id":1365,"date":"2025-10-14T12:03:03","date_gmt":"2025-10-14T12:03:03","guid":{"rendered":"https:\/\/www.ediciones-valnera.com\/?post_type=product&#038;p=1365"},"modified":"2025-11-06T11:16:13","modified_gmt":"2025-11-06T11:16:13","slug":"leandro-liendres-y-otros-relatos-de-la-espana-vacia","status":"publish","type":"product","link":"https:\/\/www.ediciones-valnera.com\/?product=leandro-liendres-y-otros-relatos-de-la-espana-vacia","title":{"rendered":"LEANDRO LIENDRES Y OTROS RELATOS DE LA ESPA\u00d1A VAC\u00cdA"},"content":{"rendered":"<p>La obra est\u00e1 escrita con la agilidad que la cr\u00edtica le ha reconocido siempre a Ignacio Sanz \u2013a quien Ferm\u00edn Herrero considera \u00abel \u00faltimo heredero natural de la estirpe irrepetible de los Delibes o Carnicer, de una prosa pur\u00edsima, acendrada, arraigada a mayores en la oralidad\u00bb\u2013, que vuelve a poner el acento en algunos de los problemas que acucian a la llamada Espa\u00f1a vac\u00eda.<\/p>\n","protected":false},"excerpt":{"rendered":"<p>Todos los relatos de este libro tienen como escenario Valdepinos, el espacio literario donde se viene desarrollando buena parte de la obra de Ignacio Sanz, trasfondo de La Tierra de Pinares. Es un mundo ad\u00e1nico, pero dejado de la mano de Dios, golpeado por la emigraci\u00f3n secular y habitado por gentes aparentemente sumisas, apegadas a viejas tradiciones y poco dadas a airear tensiones, aunque existan y en ocasiones desemboquen en grandes conflictos.<\/p>\n<p>As\u00ed ocurre en \u00abLeandro Liendres\u00bb, relato que abre el libro, cuyo personaje es v\u00edctima de sus ambiciones, y en \u00abLa planta de biog\u00e1s\u00bb, \u00faltima pieza de este mosaico, en la que el anuncio de la posible instalaci\u00f3n de una planta de biog\u00e1s tensiona la vida tranquila de Valdepinos (una lectura muy recomendable en estos tiempos, pues analiza en profundidad los peligros de estas plantas si no se construyen con un rigor que las aleje de las meras pretensiones econ\u00f3micas de las multinacionales).<\/p>\n","protected":false},"featured_media":1366,"comment_status":"closed","ping_status":"closed","template":"","meta":[],"product_brand":[],"product_cat":[93,86],"product_tag":[],"class_list":{"0":"post-1365","1":"product","2":"type-product","3":"status-publish","4":"has-post-thumbnail","6":"product_cat-novedades","7":"product_cat-valnera-literaria","9":"first","10":"instock","11":"shipping-taxable","12":"product-type-external"},"_links":{"self":[{"href":"https:\/\/www.ediciones-valnera.com\/index.php?rest_route=\/wp\/v2\/product\/1365","targetHints":{"allow":["GET"]}}],"collection":[{"href":"https:\/\/www.ediciones-valnera.com\/index.php?rest_route=\/wp\/v2\/product"}],"about":[{"href":"https:\/\/www.ediciones-valnera.com\/index.php?rest_route=\/wp\/v2\/types\/product"}],"replies":[{"embeddable":true,"href":"https:\/\/www.ediciones-valnera.com\/index.php?rest_route=%2Fwp%2Fv2%2Fcomments&post=1365"}],"wp:featuredmedia":[{"embeddable":true,"href":"https:\/\/www.ediciones-valnera.com\/index.php?rest_route=\/wp\/v2\/media\/1366"}],"wp:attachment":[{"href":"https:\/\/www.ediciones-valnera.com\/index.php?rest_route=%2Fwp%2Fv2%2Fmedia&parent=1365"}],"wp:term":[{"taxonomy":"product_brand","embeddable":true,"href":"https:\/\/www.ediciones-valnera.com\/index.php?rest_route=%2Fwp%2Fv2%2Fproduct_brand&post=1365"},{"taxonomy":"product_cat","embeddable":true,"href":"https:\/\/www.ediciones-valnera.com\/index.php?rest_route=%2Fwp%2Fv2%2Fproduct_cat&post=1365"},{"taxonomy":"product_tag","embeddable":true,"href":"https:\/\/www.ediciones-valnera.com\/index.php?rest_route=%2Fwp%2Fv2%2Fproduct_tag&post=1365"}],"curies":[{"name":"wp","href":"https:\/\/api.w.org\/{rel}","templated":true}]}}