{"id":130,"date":"2022-01-03T01:16:11","date_gmt":"2022-01-03T00:16:11","guid":{"rendered":"http:\/\/127.0.0.1:10080\/wordpress\/?post_type=product&#038;p=130"},"modified":"2022-02-01T23:42:43","modified_gmt":"2022-02-01T23:42:43","slug":"todos-los-caminos-a-santiago-y-santo-toribio","status":"publish","type":"product","link":"https:\/\/www.ediciones-valnera.com\/?product=todos-los-caminos-a-santiago-y-santo-toribio","title":{"rendered":"Todos los caminos a Santiago y Santo Toribio"},"content":{"rendered":"<p class=\"just\">Tiene un conjunto de cifras que dejan a las claras el gran trabajo realizado: 400 p\u00e1ginas en formato A4 apaisado, 753,46 kil\u00f3metros de rutas explicadas paso a paso (detalla TODOS los caminos se\u00f1alizados a Santiago y Santo Toribio por Cantabria), 861 fotograf\u00edas a todo color (de media, una fotograf\u00eda cada 875 metros), enlaces a Wikiloc de cada ruta, informaciones pr\u00e1cticas de qu\u00e9 comer y d\u00f3nde dormir&#8230;<\/p>\n<p class=\"just\">Han intervenido en la misma 5 fot\u00f3grafos: Jes\u00fas Herr\u00e1n, Carlos Marlan, Valeriano Teja, \u00d3scar Boo y Arturo Lim\u00f3n. Cuenta con pr\u00f3logo y dos dibujos de Peridis, y con tres dibujos de Jos\u00e9 Ram\u00f3n S\u00e1nchez.<\/p>\n<p>Una obra que se ha realizado en casi dos a\u00f1os, repitiendo una y otra vez los caminos en busca de todos los trazados y de la mejor luz y el mejor paisaje.<\/p>\n","protected":false},"excerpt":{"rendered":"<p class=\"just\">Este libro no es una gu\u00eda al uso. Es una gu\u00eda visual que pretende seducir al lector con el inmenso atractivo de Cantabria, reflejado en sus magn\u00edficas fotograf\u00edas. Para ello la hemos impreso, para que la pueda hojear tranquilamente y para que las referencias visuales le inciten a ponerse en marcha con las herramientas tecnol\u00f3gicas que le ofrecemos en su interior.<\/p>\n","protected":false},"featured_media":692,"comment_status":"closed","ping_status":"closed","template":"","meta":[],"product_brand":[],"product_cat":[81],"product_tag":[64,80],"class_list":{"0":"post-130","1":"product","2":"type-product","3":"status-publish","4":"has-post-thumbnail","6":"product_cat-valnera","7":"product_tag-albumes-valnera","8":"product_tag-valeriano-teja","10":"first","11":"instock","12":"shipping-taxable","13":"product-type-external"},"_links":{"self":[{"href":"https:\/\/www.ediciones-valnera.com\/index.php?rest_route=\/wp\/v2\/product\/130","targetHints":{"allow":["GET"]}}],"collection":[{"href":"https:\/\/www.ediciones-valnera.com\/index.php?rest_route=\/wp\/v2\/product"}],"about":[{"href":"https:\/\/www.ediciones-valnera.com\/index.php?rest_route=\/wp\/v2\/types\/product"}],"replies":[{"embeddable":true,"href":"https:\/\/www.ediciones-valnera.com\/index.php?rest_route=%2Fwp%2Fv2%2Fcomments&post=130"}],"wp:featuredmedia":[{"embeddable":true,"href":"https:\/\/www.ediciones-valnera.com\/index.php?rest_route=\/wp\/v2\/media\/692"}],"wp:attachment":[{"href":"https:\/\/www.ediciones-valnera.com\/index.php?rest_route=%2Fwp%2Fv2%2Fmedia&parent=130"}],"wp:term":[{"taxonomy":"product_brand","embeddable":true,"href":"https:\/\/www.ediciones-valnera.com\/index.php?rest_route=%2Fwp%2Fv2%2Fproduct_brand&post=130"},{"taxonomy":"product_cat","embeddable":true,"href":"https:\/\/www.ediciones-valnera.com\/index.php?rest_route=%2Fwp%2Fv2%2Fproduct_cat&post=130"},{"taxonomy":"product_tag","embeddable":true,"href":"https:\/\/www.ediciones-valnera.com\/index.php?rest_route=%2Fwp%2Fv2%2Fproduct_tag&post=130"}],"curies":[{"name":"wp","href":"https:\/\/api.w.org\/{rel}","templated":true}]}}

<p class="just">Tiene un conjunto de cifras que dejan a las claras el gran trabajo realizado: 400 páginas en formato A4 apaisado, 753,46 kilómetros de rutas explicadas paso a paso (detalla TODOS los caminos señalizados a Santiago y Santo Toribio por Cantabria), 861 fotografías a todo color (de media, una fotografía cada 875 metros), enlaces a Wikiloc de cada ruta, informaciones prácticas de qué comer y dónde dormir&#8230;</p>
<p class="just">Han intervenido en la misma 5 fotógrafos: Jesús Herrán, Carlos Marlan, Valeriano Teja, Óscar Boo y Arturo Limón. Cuenta con prólogo y dos dibujos de Peridis, y con tres dibujos de José Ramón Sánchez.</p>
<p>Una obra que se ha realizado en casi dos años, repitiendo una y otra vez los caminos en busca de todos los trazados y de la mejor luz y el mejor paisaje.</p>

<p class="just">Este libro no es una guía al uso. Es una guía visual que pretende seducir al lector con el inmenso atractivo de Cantabria, reflejado en sus magníficas fotografías. Para ello la hemos impreso, para que la pueda hojear tranquilamente y para que las referencias visuales le inciten a ponerse en marcha con las herramientas tecnológicas que le ofrecemos en su interior.</p>
