{"id":128,"date":"2009-05-03T01:11:01","date_gmt":"2009-05-03T01:11:01","guid":{"rendered":"http:\/\/127.0.0.1:10080\/wordpress\/?post_type=product&#038;p=128"},"modified":"2022-02-09T22:08:38","modified_gmt":"2022-02-09T22:08:38","slug":"villaescusa-nuestro-valle","status":"publish","type":"product","link":"https:\/\/www.ediciones-valnera.com\/?product=villaescusa-nuestro-valle","title":{"rendered":"Villaescusa, nuestro valle"},"content":{"rendered":"<p class=\"just\">El apartado titulado \u00abVillaescusa en su entorno f\u00edsico\u00bb analiza en profundidad la geograf\u00eda del valle: su clima, sus montes, sus r\u00edos, sus ecosistemas\u2026<\/p>\n<p class=\"just\">\u00abHistoria de Villaescusa\u00bb hace un recorrido que abarca desde las primeras ocupaciones conocidas y estudiadas del Homo Neanderthalensis hasta la Edad Moderna.<\/p>\n<p class=\"just\">\u00abCasas, casonas y escudos nobiliarios\u00bb presenta un amplio abanico de los edificios m\u00e1s relevantes del ayuntamiento, bien por sus blasones, bien por su antig\u00fcedad.<\/p>\n<p class=\"just\">\u00abPatrimonio religioso\u00bb da cuenta de todos los edificios religiosos que hay o ha habido en Villaescusa.<\/p>\n<p class=\"just\">Por \u00faltimo, \u00abMiscel\u00e1nea\u00bb recoge en sus p\u00e1ginas todos aquellos flecos cuya presencia el autor ha considerado imprescindible: Villaescusa en la literatura, Algunos datos, Personajes relevantes del siglo XX y Memoria sentimental.<\/p>\n<p class=\"just\">El libro est\u00e1 prologado por un villaescusano de renombre, Joaqu\u00edn Leguina Herr\u00e1n.<\/p>\n","protected":false},"excerpt":{"rendered":"<p>Organizado en cinco apartados, este libro representa un ejercicio de amor al Real Valle de Villaescusa, que aparece analizado desde todos los puntos de vista, con un texto que se funde a la perfecci\u00f3n con un apartado gr\u00e1fico impresionante compuesto por 425 fotograf\u00edas que no dejan ning\u00fan rinc\u00f3n sin salir a la luz.<\/p>\n","protected":false},"featured_media":693,"comment_status":"closed","ping_status":"closed","template":"","meta":[],"product_brand":[],"product_cat":[94],"product_tag":[54],"class_list":{"0":"post-128","1":"product","2":"type-product","3":"status-publish","4":"has-post-thumbnail","6":"product_cat-varia","7":"product_tag-jesus-herran","9":"first","10":"instock","11":"shipping-taxable","12":"product-type-external"},"_links":{"self":[{"href":"https:\/\/www.ediciones-valnera.com\/index.php?rest_route=\/wp\/v2\/product\/128","targetHints":{"allow":["GET"]}}],"collection":[{"href":"https:\/\/www.ediciones-valnera.com\/index.php?rest_route=\/wp\/v2\/product"}],"about":[{"href":"https:\/\/www.ediciones-valnera.com\/index.php?rest_route=\/wp\/v2\/types\/product"}],"replies":[{"embeddable":true,"href":"https:\/\/www.ediciones-valnera.com\/index.php?rest_route=%2Fwp%2Fv2%2Fcomments&post=128"}],"wp:featuredmedia":[{"embeddable":true,"href":"https:\/\/www.ediciones-valnera.com\/index.php?rest_route=\/wp\/v2\/media\/693"}],"wp:attachment":[{"href":"https:\/\/www.ediciones-valnera.com\/index.php?rest_route=%2Fwp%2Fv2%2Fmedia&parent=128"}],"wp:term":[{"taxonomy":"product_brand","embeddable":true,"href":"https:\/\/www.ediciones-valnera.com\/index.php?rest_route=%2Fwp%2Fv2%2Fproduct_brand&post=128"},{"taxonomy":"product_cat","embeddable":true,"href":"https:\/\/www.ediciones-valnera.com\/index.php?rest_route=%2Fwp%2Fv2%2Fproduct_cat&post=128"},{"taxonomy":"product_tag","embeddable":true,"href":"https:\/\/www.ediciones-valnera.com\/index.php?rest_route=%2Fwp%2Fv2%2Fproduct_tag&post=128"}],"curies":[{"name":"wp","href":"https:\/\/api.w.org\/{rel}","templated":true}]}}