{"id":1174,"date":"2024-09-24T10:14:19","date_gmt":"2024-09-24T10:14:19","guid":{"rendered":"https:\/\/www.ediciones-valnera.com\/?post_type=product&#038;p=1174"},"modified":"2025-05-22T21:58:17","modified_gmt":"2025-05-22T21:58:17","slug":"mi-suegra-tiene-alzheimer-precoz","status":"publish","type":"product","link":"https:\/\/www.ediciones-valnera.com\/?product=mi-suegra-tiene-alzheimer-precoz","title":{"rendered":"MI SUEGRA TIENE ALZHEIMER (PRECOZ)"},"content":{"rendered":"<p>Dice Jos\u00e9 del Sol que<em> Mi suegra tiene Alzheimer precoz<\/em> es un c\u00f3mic que nunca debi\u00f3 ser escrito ni dibujado. \u00abEso querr\u00eda decir que esta pu\u00f1etera enfermedad no formar\u00eda parte de mi familia. Lamentablemente, no es la primera ni ser\u00e1 la \u00faltima obra que se vaya a hacer sobre el tema. Tras el guion, yo no tengo nada m\u00e1s que aportar, pero mi hijo Olmo s\u00ed: \u201cTodos los domingos mis abuelos vienen a casa. Lo primero que hacemos es dar un paseo hasta el cementerio. A mi abuela antes le daba mucho miedo pasar por all\u00ed, pero ahora no sabe ni lo que es, Cuando llegamos a casa le ponemos sus canciones favoritas (Marisol, Rafael etc\u00e9tera) mientras mi madre prepara la comida y yo juego alg\u00fan juego de mesa con mi abuelo. Me encantan los domingos\u201d\u00bb.<\/p>\n","protected":false},"excerpt":{"rendered":"<p>Este c\u00f3mic no es una obra de autoayuda, pero tiene la virtud de ponernos ante un problema tan real como doloroso de una manera cercana y benevolente. El guion de Jos\u00e9 del Sol rezuma ternura y cari\u00f1o hacia su suegra Rafi, afectada por esa cruel enfermedad que borra los recuerdos.<\/p>\n<p>Los dibujos sencillos de Alberto Llamas se ponen al servicio de la historia y contribuyen a ahondar en la dulzura que desprenden las peripecias de Rafi y en la comprensi\u00f3n que manifiestan los familiares y amigos hacia su actitud, pese a las situaciones engorrosas que les hace vivir con sus comportamientos inestables. \u00abTrabajar en estas p\u00e1ginas ha sido una monta\u00f1a rusa de emociones. Cuando ten\u00eda que dibujar las an\u00e9cdotas, unas tan surrealistas y divertidas, y otras tan dram\u00e1ticas, se me produc\u00edan nudos en el est\u00f3mago\u00bb.<\/p>\n","protected":false},"featured_media":1179,"comment_status":"closed","ping_status":"closed","template":"","meta":[],"product_brand":[],"product_cat":[93,84],"product_tag":[],"class_list":{"0":"post-1174","1":"product","2":"type-product","3":"status-publish","4":"has-post-thumbnail","6":"product_cat-novedades","7":"product_cat-valnera-grafica","9":"first","10":"instock","11":"shipping-taxable","12":"product-type-external"},"_links":{"self":[{"href":"https:\/\/www.ediciones-valnera.com\/index.php?rest_route=\/wp\/v2\/product\/1174","targetHints":{"allow":["GET"]}}],"collection":[{"href":"https:\/\/www.ediciones-valnera.com\/index.php?rest_route=\/wp\/v2\/product"}],"about":[{"href":"https:\/\/www.ediciones-valnera.com\/index.php?rest_route=\/wp\/v2\/types\/product"}],"replies":[{"embeddable":true,"href":"https:\/\/www.ediciones-valnera.com\/index.php?rest_route=%2Fwp%2Fv2%2Fcomments&post=1174"}],"wp:featuredmedia":[{"embeddable":true,"href":"https:\/\/www.ediciones-valnera.com\/index.php?rest_route=\/wp\/v2\/media\/1179"}],"wp:attachment":[{"href":"https:\/\/www.ediciones-valnera.com\/index.php?rest_route=%2Fwp%2Fv2%2Fmedia&parent=1174"}],"wp:term":[{"taxonomy":"product_brand","embeddable":true,"href":"https:\/\/www.ediciones-valnera.com\/index.php?rest_route=%2Fwp%2Fv2%2Fproduct_brand&post=1174"},{"taxonomy":"product_cat","embeddable":true,"href":"https:\/\/www.ediciones-valnera.com\/index.php?rest_route=%2Fwp%2Fv2%2Fproduct_cat&post=1174"},{"taxonomy":"product_tag","embeddable":true,"href":"https:\/\/www.ediciones-valnera.com\/index.php?rest_route=%2Fwp%2Fv2%2Fproduct_tag&post=1174"}],"curies":[{"name":"wp","href":"https:\/\/api.w.org\/{rel}","templated":true}]}}