{"id":1159,"date":"2024-06-25T16:30:04","date_gmt":"2024-06-25T16:30:04","guid":{"rendered":"https:\/\/www.ediciones-valnera.com\/?post_type=product&#038;p=1159"},"modified":"2024-06-28T22:14:35","modified_gmt":"2024-06-28T22:14:35","slug":"en-una-aldea-cantabra","status":"publish","type":"product","link":"https:\/\/www.ediciones-valnera.com\/?product=en-una-aldea-cantabra","title":{"rendered":"EN UNA ALDEA C\u00c1NTABRA"},"content":{"rendered":"<p>Dice el propio Cotera: \u00abComo un juego, empec\u00e9 con los vecinos de mi pueblo a dar vida a nuestras fiestas locales: recuperamos marzas, picayos, enrames y el flamear de sayas y delantales; volvieron a sonar los pintados panderos y las mujeres aprendieron a hilar, siquiera para ser retratadas.<\/p>\n<p>Insisto, se trataba solo de un juego, pero, como dibujante que soy, sab\u00eda del poder evocador de las im\u00e1genes cuando contienen una razonable dosis de verismo. Con letras bien gordas quiero resaltar que la indumentaria aqu\u00ed reflejada no es lo que se entiende por traje regional; este ya se hab\u00eda arrinconado d\u00e9cadas atr\u00e1s, y el campesino c\u00e1ntabro vest\u00eda al uso general de gran parte de Espa\u00f1a; a caballo entre dos siglos, apenas si las abarcas y los pantalones remontados pon\u00edan cierto color local.<\/p>\n<p>No obstante, si este enso\u00f1ar vi\u00f1etas, borradas del paisaje, sirve a las generaciones venideras para conocer qu\u00e9 aspecto ten\u00eda la gente que transitaba las camberas de Cantabria en los \u00faltimos a\u00f1os del XIX, mis paisanos y yo nos daremos por satisfechos\u00bb.<\/p>\n","protected":false},"excerpt":{"rendered":"<p>Durante m\u00e1s de diez a\u00f1os Gustavo Cotera ha trabajado con sus convecinos del peque\u00f1o Concejo de Rudag\u00fcera para formar las escenograf\u00edas que recoge este libro, a modo de \u00e1lbum fotogr\u00e1fico. Un total de 271 fotograf\u00edas, tratadas individualmente, que pretenden reflejar ambientes similares a los que pudo tener Cantabria entre finales del siglo XIX y principios del XX.<\/p>\n","protected":false},"featured_media":1160,"comment_status":"closed","ping_status":"closed","template":"","meta":[],"product_brand":[],"product_cat":[93],"product_tag":[44,64],"class_list":{"0":"post-1159","1":"product","2":"type-product","3":"status-publish","4":"has-post-thumbnail","6":"product_cat-novedades","7":"product_tag-gustavo-cotera","8":"product_tag-albumes-valnera","10":"first","11":"instock","12":"shipping-taxable","13":"product-type-external"},"_links":{"self":[{"href":"https:\/\/www.ediciones-valnera.com\/index.php?rest_route=\/wp\/v2\/product\/1159","targetHints":{"allow":["GET"]}}],"collection":[{"href":"https:\/\/www.ediciones-valnera.com\/index.php?rest_route=\/wp\/v2\/product"}],"about":[{"href":"https:\/\/www.ediciones-valnera.com\/index.php?rest_route=\/wp\/v2\/types\/product"}],"replies":[{"embeddable":true,"href":"https:\/\/www.ediciones-valnera.com\/index.php?rest_route=%2Fwp%2Fv2%2Fcomments&post=1159"}],"wp:featuredmedia":[{"embeddable":true,"href":"https:\/\/www.ediciones-valnera.com\/index.php?rest_route=\/wp\/v2\/media\/1160"}],"wp:attachment":[{"href":"https:\/\/www.ediciones-valnera.com\/index.php?rest_route=%2Fwp%2Fv2%2Fmedia&parent=1159"}],"wp:term":[{"taxonomy":"product_brand","embeddable":true,"href":"https:\/\/www.ediciones-valnera.com\/index.php?rest_route=%2Fwp%2Fv2%2Fproduct_brand&post=1159"},{"taxonomy":"product_cat","embeddable":true,"href":"https:\/\/www.ediciones-valnera.com\/index.php?rest_route=%2Fwp%2Fv2%2Fproduct_cat&post=1159"},{"taxonomy":"product_tag","embeddable":true,"href":"https:\/\/www.ediciones-valnera.com\/index.php?rest_route=%2Fwp%2Fv2%2Fproduct_tag&post=1159"}],"curies":[{"name":"wp","href":"https:\/\/api.w.org\/{rel}","templated":true}]}}