{"id":1098,"date":"2023-08-08T11:13:33","date_gmt":"2023-08-08T11:13:33","guid":{"rendered":"https:\/\/www.ediciones-valnera.com\/?post_type=product&#038;p=1098"},"modified":"2024-05-17T15:44:13","modified_gmt":"2024-05-17T15:44:13","slug":"solo","status":"publish","type":"product","link":"https:\/\/www.ediciones-valnera.com\/?product=solo","title":{"rendered":"SOLO"},"content":{"rendered":"<p>El libro, dibujado en blanco y negro, es un largo soliloquio reflexivo sobre la soledad: la buscada (a veces estar solo es estar bien), o la impuesta (puede ser sin\u00f3nimo de tristeza).<\/p>\n<p>Sus reflexiones se apoyan en dibujos de tinte expresionista, porque la autora confiesa que la verdadera libertad la encuentra en el papel sobre el que dibuja sus pensamientos: \u00abtodo ha sido cuesti\u00f3n de tiempo, de muchos intentos, muchos juicios previos, muchas trabas, mucha b\u00fasqueda de la belleza, de lo est\u00e9tico, de los socialmente correcto. Hasta llegar a entender que el papel en blanco es mucho m\u00e1s que todo eso, es el espacio donde todo puede suceder, donde tiene cabida lo real y lo ficticio. El papel es un acompa\u00f1ante que no te juzga, ni te impone sus normas, el papel te deja ser\u00bb.<\/p>\n<p>Y como final, un razonamiento que explica todo el libro: \u00abMe gusta la soledad porque s\u00e9 que no estoy sola\u00bb<\/p>\n","protected":false},"excerpt":{"rendered":"<p>\u00abSolo. Como ese hombre que carga con una bolsa de pa\u00f1ales para adultos\u00bb.<\/p>\n<p>Dice su autora que la imagen de ese hombre fue el comienzo de todo, el detonante de un ir y venir de pensamientos. La que le llev\u00f3 a dialogar sin guion previo, de manera espont\u00e1nea, solitaria y sin juicios, para analizar y cuestionar diferentes matices acerca de la soledad, y sobre otros temas que van apareciendo por el camino.<\/p>\n","protected":false},"featured_media":1099,"comment_status":"closed","ping_status":"closed","template":"","meta":[],"product_brand":[],"product_cat":[84],"product_tag":[],"class_list":{"0":"post-1098","1":"product","2":"type-product","3":"status-publish","4":"has-post-thumbnail","6":"product_cat-valnera-grafica","8":"first","9":"instock","10":"shipping-taxable","11":"product-type-external"},"_links":{"self":[{"href":"https:\/\/www.ediciones-valnera.com\/index.php?rest_route=\/wp\/v2\/product\/1098","targetHints":{"allow":["GET"]}}],"collection":[{"href":"https:\/\/www.ediciones-valnera.com\/index.php?rest_route=\/wp\/v2\/product"}],"about":[{"href":"https:\/\/www.ediciones-valnera.com\/index.php?rest_route=\/wp\/v2\/types\/product"}],"replies":[{"embeddable":true,"href":"https:\/\/www.ediciones-valnera.com\/index.php?rest_route=%2Fwp%2Fv2%2Fcomments&post=1098"}],"wp:featuredmedia":[{"embeddable":true,"href":"https:\/\/www.ediciones-valnera.com\/index.php?rest_route=\/wp\/v2\/media\/1099"}],"wp:attachment":[{"href":"https:\/\/www.ediciones-valnera.com\/index.php?rest_route=%2Fwp%2Fv2%2Fmedia&parent=1098"}],"wp:term":[{"taxonomy":"product_brand","embeddable":true,"href":"https:\/\/www.ediciones-valnera.com\/index.php?rest_route=%2Fwp%2Fv2%2Fproduct_brand&post=1098"},{"taxonomy":"product_cat","embeddable":true,"href":"https:\/\/www.ediciones-valnera.com\/index.php?rest_route=%2Fwp%2Fv2%2Fproduct_cat&post=1098"},{"taxonomy":"product_tag","embeddable":true,"href":"https:\/\/www.ediciones-valnera.com\/index.php?rest_route=%2Fwp%2Fv2%2Fproduct_tag&post=1098"}],"curies":[{"name":"wp","href":"https:\/\/api.w.org\/{rel}","templated":true}]}}