{"id":1062,"date":"2023-04-18T14:02:31","date_gmt":"2023-04-18T14:02:31","guid":{"rendered":"https:\/\/www.ediciones-valnera.com\/?post_type=product&#038;p=1062"},"modified":"2023-04-27T19:12:32","modified_gmt":"2023-04-27T19:12:32","slug":"un-palacio-para-mi-vivencias-venturas-y-aventuras-del-nino-que-nacio-y-crecio-en-la-peninsula-de-la-magdalena","status":"publish","type":"product","link":"https:\/\/www.ediciones-valnera.com\/?product=un-palacio-para-mi-vivencias-venturas-y-aventuras-del-nino-que-nacio-y-crecio-en-la-peninsula-de-la-magdalena","title":{"rendered":"Un palacio para m\u00ed (vivencias, venturas y aventuras del ni\u00f1o que naci\u00f3 y creci\u00f3 en la pen\u00ednsula de La Magdalena)"},"content":{"rendered":"<p>El apartado gr\u00e1fico tiene gran importancia. Casi 250 fotograf\u00edas acercan al lector no solo el palacio y su entorno, sino el paisaje y las gentes que lo intentaron mantener, a duras penas y sin las condiciones adecuadas, hasta la compra por parte del Ayuntamiento de Santander en 1977.<\/p>\n<p>Tras leer el libro uno tiene la sensaci\u00f3n de haber conocido el palacio y sus alrededores en cuerpo y alma, porque el autor ha tenido el m\u00e9rito de convertir las piedras en carne.<\/p>\n","protected":false},"excerpt":{"rendered":"<p><em>Un palacio para m\u00ed. Vivencias, venturas y aventuras del ni\u00f1o que naci\u00f3 y creci\u00f3 en la pen\u00ednsula de La Magdalena<\/em> es una obra que une la biograf\u00eda de dos palacios: la de Lino Javier Palacios y la del palacio de La Magdalena y su entorno. Porque Lino, que naci\u00f3 y vivi\u00f3 dentro del recinto cuyo acceso por aquel entonces estaba pr\u00e1cticamente vetado para los dem\u00e1s, es conocedor de gran parte de los secretos del entorno de esta finca privilegiada.<\/p>\n","protected":false},"featured_media":1063,"comment_status":"closed","ping_status":"closed","template":"","meta":[],"product_brand":[],"product_cat":[93],"product_tag":[73],"class_list":{"0":"post-1062","1":"product","2":"type-product","3":"status-publish","4":"has-post-thumbnail","6":"product_cat-novedades","7":"product_tag-memorias","9":"first","10":"instock","11":"shipping-taxable","12":"product-type-external"},"_links":{"self":[{"href":"https:\/\/www.ediciones-valnera.com\/index.php?rest_route=\/wp\/v2\/product\/1062","targetHints":{"allow":["GET"]}}],"collection":[{"href":"https:\/\/www.ediciones-valnera.com\/index.php?rest_route=\/wp\/v2\/product"}],"about":[{"href":"https:\/\/www.ediciones-valnera.com\/index.php?rest_route=\/wp\/v2\/types\/product"}],"replies":[{"embeddable":true,"href":"https:\/\/www.ediciones-valnera.com\/index.php?rest_route=%2Fwp%2Fv2%2Fcomments&post=1062"}],"wp:featuredmedia":[{"embeddable":true,"href":"https:\/\/www.ediciones-valnera.com\/index.php?rest_route=\/wp\/v2\/media\/1063"}],"wp:attachment":[{"href":"https:\/\/www.ediciones-valnera.com\/index.php?rest_route=%2Fwp%2Fv2%2Fmedia&parent=1062"}],"wp:term":[{"taxonomy":"product_brand","embeddable":true,"href":"https:\/\/www.ediciones-valnera.com\/index.php?rest_route=%2Fwp%2Fv2%2Fproduct_brand&post=1062"},{"taxonomy":"product_cat","embeddable":true,"href":"https:\/\/www.ediciones-valnera.com\/index.php?rest_route=%2Fwp%2Fv2%2Fproduct_cat&post=1062"},{"taxonomy":"product_tag","embeddable":true,"href":"https:\/\/www.ediciones-valnera.com\/index.php?rest_route=%2Fwp%2Fv2%2Fproduct_tag&post=1062"}],"curies":[{"name":"wp","href":"https:\/\/api.w.org\/{rel}","templated":true}]}}

Un palacio para mí (vivencias, venturas y aventuras del niño que nació y creció en la península de La Magdalena)

<p>El apartado gráfico tiene gran importancia. Casi 250 fotografías acercan al lector no solo el palacio y su entorno, sino el paisaje y las gentes que lo intentaron mantener, a duras penas y sin las condiciones adecuadas, hasta la compra por parte del Ayuntamiento de Santander en 1977.</p>
<p>Tras leer el libro uno tiene la sensación de haber conocido el palacio y sus alrededores en cuerpo y alma, porque el autor ha tenido el mérito de convertir las piedras en carne.</p>

<p><em>Un palacio para mí. Vivencias, venturas y aventuras del niño que nació y creció en la península de La Magdalena</em> es una obra que une la biografía de dos palacios: la de Lino Javier Palacios y la del palacio de La Magdalena y su entorno. Porque Lino, que nació y vivió dentro del recinto cuyo acceso por aquel entonces estaba prácticamente vetado para los demás, es conocedor de gran parte de los secretos del entorno de esta finca privilegiada.</p>
